Last updated on 2023-01-29 03:55:07 CET.
Flavor | Version | Tinstall | Tcheck | Ttotal | Status | Flags |
---|---|---|---|---|---|---|
r-devel-linux-x86_64-debian-clang | 0.3.0 | 49.50 | 43.55 | 93.05 | OK | |
r-devel-linux-x86_64-debian-gcc | 0.3.0 | 35.73 | 33.06 | 68.79 | NOTE | |
r-devel-linux-x86_64-fedora-clang | 0.3.0 | 143.46 | OK | |||
r-devel-linux-x86_64-fedora-gcc | 0.3.0 | 130.25 | NOTE | |||
r-devel-windows-x86_64 | 0.3.0 | 136.00 | 121.00 | 257.00 | OK | |
r-patched-linux-x86_64 | 0.3.0 | 40.80 | 41.75 | 82.55 | OK | |
r-release-linux-x86_64 | 0.3.0 | 43.71 | 42.71 | 86.42 | OK | |
r-release-macos-arm64 | 0.3.0 | 48.00 | NOTE | |||
r-release-macos-x86_64 | 0.3.0 | 91.00 | OK | |||
r-release-windows-x86_64 | 0.3.0 | 156.00 | 126.00 | 282.00 | OK | |
r-oldrel-macos-arm64 | 0.3.0 | 49.00 | NOTE | |||
r-oldrel-macos-x86_64 | 0.3.0 | 98.00 | OK | |||
r-oldrel-windows-ix86+x86_64 | 0.3.0 | 118.00 | 119.00 | 237.00 | NOTE |
Version: 0.3.0
Check: C++ specification
Result: NOTE
Specified C++11: please update to current default of C++17
Flavors: r-devel-linux-x86_64-debian-gcc, r-devel-linux-x86_64-fedora-gcc
Version: 0.3.0
Check: installed package size
Result: NOTE
installed size is 5.0Mb
sub-directories of 1Mb or more:
libs 4.5Mb
Flavors: r-release-macos-arm64, r-oldrel-macos-arm64, r-oldrel-windows-ix86+x86_64