Last updated on 2025-01-18 04:48:19 CET.
Flavor | Version | Tinstall | Tcheck | Ttotal | Status | Flags |
---|---|---|---|---|---|---|
r-devel-linux-x86_64-debian-clang | 0.3.1 | 26.27 | 37.43 | 63.70 | NOTE | |
r-devel-linux-x86_64-debian-gcc | 0.3.1 | 20.31 | 28.59 | 48.90 | NOTE | |
r-devel-linux-x86_64-fedora-clang | 0.3.1 | 126.99 | NOTE | |||
r-devel-linux-x86_64-fedora-gcc | 0.3.1 | 135.74 | NOTE | |||
r-devel-windows-x86_64 | 0.3.1 | 32.00 | 98.00 | 130.00 | OK | |
r-patched-linux-x86_64 | 0.3.1 | 24.77 | 35.52 | 60.29 | OK | |
r-release-linux-x86_64 | 0.3.1 | 27.12 | 36.58 | 63.70 | OK | |
r-release-macos-arm64 | 0.3.1 | 71.00 | OK | |||
r-release-macos-x86_64 | 0.3.1 | 156.00 | NOTE | |||
r-release-windows-x86_64 | 0.3.1 | 31.00 | 107.00 | 138.00 | OK | |
r-oldrel-macos-arm64 | 0.3.1 | 59.00 | OK | |||
r-oldrel-macos-x86_64 | 0.3.1 | 115.00 | NOTE | |||
r-oldrel-windows-x86_64 | 0.3.1 | 33.00 | 115.00 | 148.00 | OK |
Version: 0.3.1
Check: top-level files
Result: NOTE
possible bashism in configure.ac line 29 (test -a/-o):
if test [$RVER_MAJOR -lt 3] -o [$RVER_MAJOR -eq 3 -a $RVER_MINOR -lt 3]; then
Flavors: r-devel-linux-x86_64-debian-clang, r-devel-linux-x86_64-debian-gcc, r-devel-linux-x86_64-fedora-clang, r-devel-linux-x86_64-fedora-gcc
Version: 0.3.1
Check: installed package size
Result: NOTE
installed size is 5.1Mb
sub-directories of 1Mb or more:
libs 4.5Mb
Flavors: r-release-macos-x86_64, r-oldrel-macos-x86_64