CRAN Package Check Results for Package apaText

Last updated on 2022-01-22 03:56:37 CET.

Flavor Version Tinstall Tcheck Ttotal Status Flags
r-devel-linux-x86_64-debian-clang 0.1.1 4.01 49.31 53.32 NOTE
r-devel-linux-x86_64-debian-gcc 0.1.1 2.90 37.09 39.99 NOTE
r-devel-linux-x86_64-fedora-clang 0.1.1 67.13 NOTE
r-devel-linux-x86_64-fedora-gcc 0.1.1 51.43 NOTE
r-devel-windows-x86_64-new-UL 0.1.1 12.00 68.00 80.00 NOTE
r-devel-windows-x86_64-new-TK 0.1.1 NOTE
r-patched-linux-x86_64 0.1.1 3.24 46.32 49.56 NOTE
r-release-linux-x86_64 0.1.1 2.23 45.69 47.92 NOTE
r-release-macos-arm64 0.1.1 NOTE
r-release-macos-x86_64 0.1.1 NOTE
r-release-windows-ix86+x86_64 0.1.1 11.00 57.00 68.00 NOTE
r-oldrel-macos-x86_64 0.1.1 OK
r-oldrel-windows-ix86+x86_64 0.1.1 11.00 59.00 70.00 OK

Check Details

Version: 0.1.1
Check: LazyData
Result: NOTE
     'LazyData' is specified without a 'data' directory
Flavors: r-devel-linux-x86_64-debian-clang, r-devel-linux-x86_64-debian-gcc, r-devel-linux-x86_64-fedora-clang, r-devel-linux-x86_64-fedora-gcc, r-devel-windows-x86_64-new-UL, r-devel-windows-x86_64-new-TK, r-patched-linux-x86_64, r-release-linux-x86_64, r-release-macos-arm64, r-release-macos-x86_64, r-release-windows-ix86+x86_64