Last updated on 2023-02-05 15:55:05 CET.
Flavor | Version | Tinstall | Tcheck | Ttotal | Status | Flags |
---|---|---|---|---|---|---|
r-devel-linux-x86_64-debian-clang | 1.0.5 | 1.86 | 507.62 | 509.48 | NOTE | |
r-devel-linux-x86_64-debian-gcc | 1.0.5 | 1.57 | 371.26 | 372.83 | NOTE | |
r-devel-linux-x86_64-fedora-clang | 1.0.5 | 576.33 | NOTE | |||
r-devel-linux-x86_64-fedora-gcc | 1.0.5 | 279.18 | NOTE | |||
r-devel-windows-x86_64 | 1.0.5 | 11.00 | 116.00 | 127.00 | NOTE | |
r-patched-linux-x86_64 | 1.0.5 | 2.30 | 501.78 | 504.08 | NOTE | |
r-release-linux-x86_64 | 1.0.5 | 1.84 | 462.99 | 464.83 | NOTE | |
r-release-macos-arm64 | 1.0.5 | 139.00 | NOTE | |||
r-release-macos-x86_64 | 1.0.5 | 98.00 | NOTE | |||
r-release-windows-x86_64 | 1.0.5 | 9.00 | 127.00 | 136.00 | NOTE | |
r-oldrel-macos-arm64 | 1.0.5 | 114.00 | NOTE | |||
r-oldrel-macos-x86_64 | 1.0.5 | 94.00 | NOTE | |||
r-oldrel-windows-ix86+x86_64 | 1.0.5 | 9.00 | 319.00 | 328.00 | NOTE |
Version: 1.0.5
Check: LazyData
Result: NOTE
'LazyData' is specified without a 'data' directory
Flavors: r-devel-linux-x86_64-debian-clang, r-devel-linux-x86_64-debian-gcc, r-devel-linux-x86_64-fedora-clang, r-devel-linux-x86_64-fedora-gcc, r-devel-windows-x86_64, r-patched-linux-x86_64, r-release-linux-x86_64, r-release-macos-arm64, r-release-macos-x86_64, r-release-windows-x86_64, r-oldrel-macos-arm64, r-oldrel-macos-x86_64, r-oldrel-windows-ix86+x86_64
Version: 1.0.5
Check: dependencies in R code
Result: NOTE
Namespaces in Imports field not imported from:
‘curl’ ‘httr’
All declared Imports should be used.
Flavors: r-devel-linux-x86_64-fedora-clang, r-devel-linux-x86_64-fedora-gcc, r-release-macos-arm64, r-release-macos-x86_64, r-oldrel-macos-arm64, r-oldrel-macos-x86_64