CRAN Package Check Results for Package anndata

Last updated on 2024-07-23 15:48:04 CEST.

Flavor Version Tinstall Tcheck Ttotal Status Flags
r-devel-linux-x86_64-debian-clang 0.7.5.6 10.51 103.44 113.95 NOTE
r-devel-linux-x86_64-debian-gcc 0.7.5.6 6.71 79.09 85.80 NOTE
r-devel-linux-x86_64-fedora-clang 0.7.5.6 145.84 NOTE
r-devel-linux-x86_64-fedora-gcc 0.7.5.6 146.72 NOTE
r-devel-windows-x86_64 0.7.5.6 11.00 168.00 179.00 NOTE
r-patched-linux-x86_64 0.7.5.6 10.93 99.54 110.47 NOTE
r-release-linux-x86_64 0.7.5.6 9.62 100.32 109.94 NOTE
r-release-macos-arm64 0.7.5.6 49.00 NOTE
r-release-macos-x86_64 0.7.5.6 74.00 NOTE
r-release-windows-x86_64 0.7.5.6 10.00 167.00 177.00 NOTE
r-oldrel-macos-arm64 0.7.5.6 49.00 OK
r-oldrel-macos-x86_64 0.7.5.6 82.00 OK
r-oldrel-windows-x86_64 0.7.5.6 13.00 146.00 159.00 OK

Check Details

Version: 0.7.5.6
Check: Rd files
Result: NOTE checkRd: (-1) concat.Rd:35: Lost braces; missing escapes or markup? 35 | \item{index_unique}{Whether to make the index unique by using the keys. If provided, this is the delimeter between "{orig_idx}{index_unique}{key}". When \code{NULL}, the original indices are kept.} | ^ checkRd: (-1) concat.Rd:35: Lost braces 35 | \item{index_unique}{Whether to make the index unique by using the keys. If provided, this is the delimeter between "{orig_idx}{index_unique}{key}". When \code{NULL}, the original indices are kept.} | ^ checkRd: (-1) concat.Rd:35: Lost braces 35 | \item{index_unique}{Whether to make the index unique by using the keys. If provided, this is the delimeter between "{orig_idx}{index_unique}{key}". When \code{NULL}, the original indices are kept.} | ^ Flavors: r-devel-linux-x86_64-debian-clang, r-devel-linux-x86_64-debian-gcc, r-devel-linux-x86_64-fedora-clang, r-devel-linux-x86_64-fedora-gcc, r-devel-windows-x86_64, r-patched-linux-x86_64, r-release-linux-x86_64, r-release-macos-arm64, r-release-macos-x86_64, r-release-windows-x86_64