CRAN Package Check Results for Package ampir

Last updated on 2022-01-17 03:52:57 CET.

Flavor Version Tinstall Tcheck Ttotal Status Flags
r-devel-linux-x86_64-debian-clang 1.1.0 30.98 158.36 189.34 OK
r-devel-linux-x86_64-debian-gcc 1.1.0 26.94 131.34 158.28 OK
r-devel-linux-x86_64-fedora-clang 1.1.0 233.85 NOTE
r-devel-linux-x86_64-fedora-gcc 1.1.0 214.83 NOTE
r-devel-windows-x86_64-new-UL 1.1.0 56.00 193.00 249.00 OK
r-devel-windows-x86_64-new-TK 1.1.0 NOTE
r-patched-linux-x86_64 1.1.0 26.67 152.84 179.51 OK
r-release-linux-x86_64 1.1.0 OK
r-release-macos-arm64 1.1.0 NOTE
r-release-macos-x86_64 1.1.0 NOTE
r-release-windows-ix86+x86_64 1.1.0 78.00 244.00 322.00 OK
r-oldrel-macos-x86_64 1.1.0 NOTE
r-oldrel-windows-ix86+x86_64 1.1.0 78.00 245.00 323.00 OK

Check Details

Version: 1.1.0
Check: dependencies in R code
Result: NOTE
    Namespace in Imports field not imported from: ‘kernlab’
     All declared Imports should be used.
Flavors: r-devel-linux-x86_64-fedora-clang, r-devel-linux-x86_64-fedora-gcc, r-devel-windows-x86_64-new-TK, r-release-macos-arm64, r-release-macos-x86_64, r-oldrel-macos-x86_64