CRAN Package Check Results for Package amanida

Last updated on 2022-06-27 03:51:07 CEST.

Flavor Version Tinstall Tcheck Ttotal Status Flags
r-devel-linux-x86_64-debian-clang 0.2.3 13.82 143.22 157.04 OK
r-devel-linux-x86_64-debian-gcc 0.2.3 10.62 109.76 120.38 OK
r-devel-linux-x86_64-fedora-clang 0.2.3 162.47 NOTE
r-devel-linux-x86_64-fedora-gcc 0.2.3 156.26 NOTE
r-devel-windows-x86_64 0.2.3 55.00 137.00 192.00 NOTE
r-patched-linux-x86_64 0.2.3 9.12 135.90 145.02 OK
r-release-linux-x86_64 0.2.3 8.10 135.16 143.26 OK
r-release-macos-arm64 0.2.3 50.00 NOTE
r-release-macos-x86_64 0.2.3 75.00 NOTE
r-release-windows-x86_64 0.2.3 46.00 129.00 175.00 NOTE
r-oldrel-macos-arm64 0.2.3 44.00 NOTE
r-oldrel-macos-x86_64 0.2.3 58.00 NOTE
r-oldrel-windows-ix86+x86_64 0.2.3 29.00 130.00 159.00 NOTE

Check Details

Version: 0.2.3
Check: package dependencies
Result: NOTE
    Package suggested but not available for checking: ‘metaboliteIDmapping’
Flavors: r-devel-linux-x86_64-fedora-clang, r-devel-linux-x86_64-fedora-gcc, r-devel-windows-x86_64, r-release-macos-arm64, r-release-macos-x86_64, r-release-windows-x86_64, r-oldrel-macos-arm64, r-oldrel-macos-x86_64, r-oldrel-windows-ix86+x86_64

Version: 0.2.3
Check: dependencies in R code
Result: NOTE
    Namespace in Imports field not imported from: ‘magrittr’
     All declared Imports should be used.
Flavors: r-devel-linux-x86_64-fedora-clang, r-devel-linux-x86_64-fedora-gcc, r-release-macos-arm64, r-release-macos-x86_64, r-oldrel-macos-arm64, r-oldrel-macos-x86_64