CRAN Package Check Results for Package alphastable

Last updated on 2022-01-28 04:00:40 CET.

Flavor Version Tinstall Tcheck Ttotal Status Flags
r-devel-linux-x86_64-debian-clang 0.2.1 5.24 46.23 51.47 NOTE
r-devel-linux-x86_64-debian-gcc 0.2.1 4.14 35.72 39.86 NOTE
r-devel-linux-x86_64-fedora-clang 0.2.1 64.61 NOTE
r-devel-linux-x86_64-fedora-gcc 0.2.1 53.36 NOTE
r-devel-windows-x86_64-new-UL 0.2.1 44.00 62.00 106.00 NOTE
r-devel-windows-x86_64-new-TK 0.2.1 NOTE
r-patched-linux-x86_64 0.2.1 5.46 44.22 49.68 NOTE
r-release-linux-x86_64 0.2.1 4.14 44.05 48.19 NOTE
r-release-macos-arm64 0.2.1 NOTE
r-release-macos-x86_64 0.2.1 NOTE
r-release-windows-ix86+x86_64 0.2.1 10.00 53.00 63.00 NOTE
r-oldrel-macos-x86_64 0.2.1 OK
r-oldrel-windows-ix86+x86_64 0.2.1 10.00 54.00 64.00 OK

Check Details

Version: 0.2.1
Check: LazyData
Result: NOTE
     'LazyData' is specified without a 'data' directory
Flavors: r-devel-linux-x86_64-debian-clang, r-devel-linux-x86_64-debian-gcc, r-devel-linux-x86_64-fedora-clang, r-devel-linux-x86_64-fedora-gcc, r-devel-windows-x86_64-new-UL, r-devel-windows-x86_64-new-TK, r-patched-linux-x86_64, r-release-linux-x86_64, r-release-macos-arm64, r-release-macos-x86_64, r-release-windows-ix86+x86_64