CRAN Package Check Results for Package ajv

Last updated on 2024-07-18 15:48:55 CEST.

Flavor Version Tinstall Tcheck Ttotal Status Flags
r-devel-linux-x86_64-debian-clang 1.0.0 2.85 36.77 39.62 NOTE
r-devel-linux-x86_64-debian-gcc 1.0.0 2.38 28.43 30.81 NOTE
r-devel-linux-x86_64-fedora-clang 1.0.0 51.21 NOTE
r-devel-linux-x86_64-fedora-gcc 1.0.0 60.62 NOTE
r-devel-windows-x86_64 1.0.0 3.00 49.00 52.00 NOTE
r-patched-linux-x86_64 1.0.0 2.80 34.99 37.79 NOTE
r-release-linux-x86_64 1.0.0 3.09 36.05 39.14 NOTE
r-release-macos-arm64 1.0.0 25.00 NOTE
r-release-macos-x86_64 1.0.0 36.00 NOTE
r-release-windows-x86_64 1.0.0 4.00 49.00 53.00 NOTE
r-oldrel-macos-arm64 1.0.0 29.00 NOTE
r-oldrel-macos-x86_64 1.0.0 38.00 NOTE
r-oldrel-windows-x86_64 1.0.0 4.00 51.00 55.00 NOTE

Check Details

Version: 1.0.0
Check: LazyData
Result: NOTE 'LazyData' is specified without a 'data' directory Flavors: r-devel-linux-x86_64-debian-clang, r-devel-linux-x86_64-debian-gcc, r-devel-linux-x86_64-fedora-clang, r-devel-linux-x86_64-fedora-gcc, r-devel-windows-x86_64, r-patched-linux-x86_64, r-release-linux-x86_64, r-release-macos-arm64, r-release-macos-x86_64, r-release-windows-x86_64, r-oldrel-macos-arm64, r-oldrel-macos-x86_64, r-oldrel-windows-x86_64