CRAN Package Check Results for Package aif360

Last updated on 2021-12-04 03:52:19 CET.

Flavor Version Tinstall Tcheck Ttotal Status Flags
r-devel-linux-x86_64-debian-clang 0.1.0 8.25 64.25 72.50 NOTE
r-devel-linux-x86_64-debian-gcc 0.1.0 6.55 50.71 57.26 NOTE
r-devel-linux-x86_64-fedora-clang 0.1.0 98.32 NOTE
r-devel-linux-x86_64-fedora-gcc 0.1.0 86.77 NOTE
r-devel-windows-x86_64-new-UL 0.1.0 15.00 109.00 124.00 NOTE
r-devel-windows-x86_64-new-TK 0.1.0 NOTE
r-devel-windows-x86_64-old 0.1.0 11.00 64.00 75.00 NOTE
r-patched-linux-x86_64 0.1.0 7.63 62.48 70.11 NOTE
r-release-linux-x86_64 0.1.0 7.69 62.72 70.41 NOTE
r-release-macos-arm64 0.1.0 NOTE
r-release-macos-x86_64 0.1.0 NOTE
r-release-windows-ix86+x86_64 0.1.0 17.00 85.00 102.00 NOTE
r-oldrel-macos-x86_64 0.1.0 OK
r-oldrel-windows-ix86+x86_64 0.1.0 17.00 90.00 107.00 OK

Check Details

Version: 0.1.0
Check: LazyData
Result: NOTE
     'LazyData' is specified without a 'data' directory
Flavors: r-devel-linux-x86_64-debian-clang, r-devel-linux-x86_64-debian-gcc, r-devel-linux-x86_64-fedora-clang, r-devel-linux-x86_64-fedora-gcc, r-devel-windows-x86_64-new-UL, r-devel-windows-x86_64-new-TK, r-devel-windows-x86_64-old, r-patched-linux-x86_64, r-release-linux-x86_64, r-release-macos-arm64, r-release-macos-x86_64, r-release-windows-ix86+x86_64