CRAN Package Check Results for Package adpss

Last updated on 2022-01-28 15:53:03 CET.

Flavor Version Tinstall Tcheck Ttotal Status Flags
r-devel-linux-x86_64-debian-clang 0.1.1 25.06 52.18 77.24 NOTE
r-devel-linux-x86_64-debian-gcc 0.1.1 18.93 38.57 57.50 NOTE
r-devel-linux-x86_64-fedora-clang 0.1.1 106.94 NOTE
r-devel-linux-x86_64-fedora-gcc 0.1.1 93.61 NOTE
r-devel-windows-x86_64-new-UL 0.1.1 34.00 104.00 138.00 NOTE
r-devel-windows-x86_64-new-TK 0.1.1 NOTE
r-patched-linux-x86_64 0.1.1 23.91 48.21 72.12 NOTE
r-release-linux-x86_64 0.1.1 21.45 48.11 69.56 NOTE
r-release-macos-arm64 0.1.1 NOTE
r-release-macos-x86_64 0.1.1 NOTE
r-release-windows-ix86+x86_64 0.1.1 65.00 107.00 172.00 NOTE
r-oldrel-macos-x86_64 0.1.1 OK
r-oldrel-windows-ix86+x86_64 0.1.1 66.00 107.00 173.00 OK

Check Details

Version: 0.1.1
Check: LazyData
Result: NOTE
     'LazyData' is specified without a 'data' directory
Flavors: r-devel-linux-x86_64-debian-clang, r-devel-linux-x86_64-debian-gcc, r-devel-linux-x86_64-fedora-clang, r-devel-linux-x86_64-fedora-gcc, r-devel-windows-x86_64-new-UL, r-devel-windows-x86_64-new-TK, r-patched-linux-x86_64, r-release-linux-x86_64, r-release-macos-arm64, r-release-macos-x86_64, r-release-windows-ix86+x86_64