Last updated on 2023-10-01 05:05:35 CEST.
Flavor | Version | Tinstall | Tcheck | Ttotal | Status | Flags |
---|---|---|---|---|---|---|
r-devel-linux-x86_64-debian-clang | 1.1 | 79.50 | 35.07 | 114.57 | OK | |
r-devel-linux-x86_64-debian-gcc | 1.1 | 62.30 | 28.18 | 90.48 | OK | |
r-devel-linux-x86_64-fedora-clang | 1.1 | 159.10 | NOTE | |||
r-devel-linux-x86_64-fedora-gcc | 1.1 | 160.22 | OK | |||
r-devel-windows-x86_64 | 1.1 | 62.00 | 49.00 | 111.00 | NOTE | |
r-patched-linux-x86_64 | 1.1 | 76.32 | 34.73 | 111.05 | OK | |
r-release-linux-x86_64 | 1.1 | 78.32 | 34.21 | 112.53 | OK | |
r-release-macos-arm64 | 1.1 | 81.00 | NOTE | |||
r-release-macos-x86_64 | 1.1 | 106.00 | NOTE | |||
r-release-windows-x86_64 | 1.1 | 87.00 | 50.00 | 137.00 | NOTE | |
r-oldrel-macos-arm64 | 1.1 | 78.00 | NOTE | |||
r-oldrel-macos-x86_64 | 1.1 | 85.00 | NOTE | |||
r-oldrel-windows-x86_64 | 1.1 | 100.00 | 57.00 | 157.00 | NOTE |
Version: 1.1
Check: installed package size
Result: NOTE
installed size is 9.5Mb
sub-directories of 1Mb or more:
data 9.3Mb
Flavors: r-devel-linux-x86_64-fedora-clang, r-devel-windows-x86_64, r-release-macos-arm64, r-release-macos-x86_64, r-release-windows-x86_64, r-oldrel-macos-arm64, r-oldrel-macos-x86_64, r-oldrel-windows-x86_64