CRAN Package Check Results for Package adeptdata

Last updated on 2022-09-24 15:55:14 CEST.

Flavor Version Tinstall Tcheck Ttotal Status Flags
r-devel-linux-x86_64-debian-clang 1.1 81.07 42.81 123.88 OK
r-devel-linux-x86_64-debian-gcc 1.1 57.24 33.31 90.55 OK
r-devel-linux-x86_64-fedora-clang 1.1 177.03 NOTE
r-devel-linux-x86_64-fedora-gcc 1.1 180.22 OK
r-devel-windows-x86_64 1.1 77.00 66.00 143.00 NOTE
r-patched-linux-x86_64 1.1 79.14 42.31 121.45 OK
r-release-linux-x86_64 1.1 79.06 40.95 120.01 OK
r-release-macos-arm64 1.1 75.00 NOTE
r-release-macos-x86_64 1.1 85.00 NOTE
r-release-windows-x86_64 1.1 78.00 64.00 142.00 NOTE
r-oldrel-macos-arm64 1.1 92.00 NOTE
r-oldrel-macos-x86_64 1.1 144.00 NOTE
r-oldrel-windows-ix86+x86_64 1.1 112.00 65.00 177.00 NOTE

Check Details

Version: 1.1
Check: installed package size
Result: NOTE
     installed size is 9.5Mb
     sub-directories of 1Mb or more:
     data 9.3Mb
Flavors: r-devel-linux-x86_64-fedora-clang, r-devel-windows-x86_64, r-release-macos-arm64, r-release-macos-x86_64, r-release-windows-x86_64, r-oldrel-macos-arm64, r-oldrel-macos-x86_64, r-oldrel-windows-ix86+x86_64