CRAN Package Check Results for Package adepro

Last updated on 2022-01-21 03:55:51 CET.

Flavor Version Tinstall Tcheck Ttotal Status Flags
r-devel-linux-x86_64-debian-clang 3.2.0 OK
r-devel-linux-x86_64-debian-gcc 3.2.0 6.45 73.03 79.48 OK
r-devel-linux-x86_64-fedora-clang 3.2.0 128.87 NOTE
r-devel-linux-x86_64-fedora-gcc 3.2.0 116.35 NOTE
r-devel-windows-x86_64-new-UL 3.2.0 32.00 121.00 153.00 OK
r-devel-windows-x86_64-new-TK 3.2.0 NOTE
r-patched-linux-x86_64 3.2.0 9.46 92.06 101.52 OK
r-release-linux-x86_64 3.2.0 9.68 94.47 104.15 OK
r-release-macos-arm64 3.2.0 NOTE
r-release-macos-x86_64 3.2.0 NOTE
r-release-windows-ix86+x86_64 3.2.0 25.00 124.00 149.00 OK
r-oldrel-macos-x86_64 3.2.0 NOTE
r-oldrel-windows-ix86+x86_64 3.2.0 24.00 122.00 146.00 OK

Check Details

Version: 3.2.0
Check: dependencies in R code
Result: NOTE
    Namespace in Imports field not imported from: ‘jsonlite’
     All declared Imports should be used.
Flavors: r-devel-linux-x86_64-fedora-clang, r-devel-linux-x86_64-fedora-gcc, r-devel-windows-x86_64-new-TK, r-release-macos-arm64, r-release-macos-x86_64, r-oldrel-macos-x86_64