CRAN Package Check Results for Package adegraphics

Last updated on 2024-06-13 03:49:09 CEST.

Flavor Version Tinstall Tcheck Ttotal Status Flags
r-devel-linux-x86_64-debian-clang 1.0-21 30.04 405.23 435.27 OK
r-devel-linux-x86_64-debian-gcc 1.0-21 28.59 295.17 323.76 NOTE
r-devel-linux-x86_64-fedora-clang 1.0-21 537.66 OK
r-devel-linux-x86_64-fedora-gcc 1.0-21 523.24 OK
r-devel-windows-x86_64 1.0-21 29.00 295.00 324.00 OK
r-patched-linux-x86_64 1.0-21 40.45 385.63 426.08 OK
r-release-linux-x86_64 1.0-21 30.85 379.00 409.85 OK
r-release-macos-arm64 1.0-21 135.00 NOTE
r-release-macos-x86_64 1.0-21 268.00 NOTE
r-release-windows-x86_64 1.0-21 30.00 296.00 326.00 OK
r-oldrel-macos-arm64 1.0-21 140.00 NOTE
r-oldrel-macos-x86_64 1.0-21 312.00 NOTE
r-oldrel-windows-x86_64 1.0-21 38.00 398.00 436.00 OK

Check Details

Version: 1.0-21
Check: package dependencies
Result: NOTE Package suggested but not available for checking: ‘car’ Flavor: r-devel-linux-x86_64-debian-gcc

Version: 1.0-21
Check: installed package size
Result: NOTE installed size is 5.3Mb sub-directories of 1Mb or more: R 2.0Mb doc 2.7Mb Flavors: r-release-macos-arm64, r-release-macos-x86_64, r-oldrel-macos-arm64, r-oldrel-macos-x86_64