CRAN Package Check Results for Package adegenet

Last updated on 2021-10-23 14:57:53 CEST.

Flavor Version Tinstall Tcheck Ttotal Status Flags
r-devel-linux-x86_64-debian-clang 2.1.5 31.79 220.34 252.13 OK
r-devel-linux-x86_64-debian-gcc 2.1.5 25.23 162.39 187.62 OK
r-devel-linux-x86_64-fedora-clang 2.1.5 313.52 OK
r-devel-linux-x86_64-fedora-gcc 2.1.5 289.02 OK
r-devel-windows-x86_64 2.1.5 48.00 282.00 330.00 OK
r-devel-windows-x86_64-gcc10-UCRT 2.1.5 OK
r-patched-linux-x86_64 2.1.5 36.73 208.24 244.97 OK
r-patched-solaris-x86 2.1.5 401.10 NOTE
r-release-linux-x86_64 2.1.5 27.67 208.55 236.22 OK
r-release-macos-arm64 2.1.4 NOTE
r-release-macos-x86_64 2.1.5 OK
r-release-windows-ix86+x86_64 2.1.5 45.00 326.00 371.00 OK
r-oldrel-macos-x86_64 2.1.5 OK
r-oldrel-windows-ix86+x86_64 2.1.5 43.00 276.00 319.00 OK

Check Details

Version: 2.1.5
Check: installed package size
Result: NOTE
     installed size is 5.3Mb
     sub-directories of 1Mb or more:
     R 1.3Mb
     data 1.3Mb
     files 1.9Mb
Flavor: r-patched-solaris-x86

Version: 2.1.4
Check: installed package size
Result: NOTE
     installed size is 5.8Mb
     sub-directories of 1Mb or more:
     R 2.1Mb
     data 1.3Mb
     files 1.7Mb
Flavor: r-release-macos-arm64