CRAN Package Check Results for Package addreg

Last updated on 2022-05-20 15:52:00 CEST.

Flavor Version Tinstall Tcheck Ttotal Status Flags
r-devel-linux-x86_64-debian-clang 3.0 14.10 112.56 126.66 NOTE
r-devel-linux-x86_64-debian-gcc 3.0 10.80 85.68 96.48 NOTE
r-devel-linux-x86_64-fedora-clang 3.0 150.83 NOTE
r-devel-linux-x86_64-fedora-gcc 3.0 144.75 NOTE
r-devel-windows-x86_64 3.0 22.00 126.00 148.00 NOTE
r-patched-linux-x86_64 3.0 9.65 107.37 117.02 NOTE
r-release-linux-x86_64 3.0 10.61 106.16 116.77 NOTE
r-release-macos-arm64 3.0 53.00 NOTE
r-release-macos-x86_64 3.0 56.00 NOTE
r-release-windows-x86_64 3.0 24.00 130.00 154.00 NOTE
r-oldrel-macos-arm64 3.0 47.00 NOTE
r-oldrel-macos-x86_64 3.0 71.00 NOTE
r-oldrel-windows-ix86+x86_64 3.0 26.00 119.00 145.00 NOTE

Check Details

Version: 3.0
Check: LazyData
Result: NOTE
     'LazyData' is specified without a 'data' directory
Flavors: r-devel-linux-x86_64-debian-clang, r-devel-linux-x86_64-debian-gcc, r-devel-linux-x86_64-fedora-clang, r-devel-linux-x86_64-fedora-gcc, r-devel-windows-x86_64, r-patched-linux-x86_64, r-release-linux-x86_64, r-release-macos-arm64, r-release-macos-x86_64, r-release-windows-x86_64, r-oldrel-macos-arm64, r-oldrel-macos-x86_64, r-oldrel-windows-ix86+x86_64