CRAN Package Check Results for Package addinslist

Last updated on 2022-01-23 02:56:04 CET.

Flavor Version Tinstall Tcheck Ttotal Status Flags
r-devel-linux-x86_64-debian-clang 0.4.0 3.65 41.57 45.22 NOTE
r-devel-linux-x86_64-debian-gcc 0.4.0 2.58 32.73 35.31 NOTE
r-devel-linux-x86_64-fedora-clang 0.4.0 55.26 NOTE
r-devel-linux-x86_64-fedora-gcc 0.4.0 44.80 NOTE
r-devel-windows-x86_64-new-UL 0.4.0 22.00 69.00 91.00 NOTE
r-devel-windows-x86_64-new-TK 0.4.0 NOTE
r-patched-linux-x86_64 0.4.0 2.47 41.39 43.86 NOTE
r-release-linux-x86_64 0.4.0 3.62 40.55 44.17 NOTE
r-release-macos-arm64 0.4.0 NOTE
r-release-macos-x86_64 0.4.0 NOTE
r-release-windows-ix86+x86_64 0.4.0 10.00 54.00 64.00 NOTE
r-oldrel-macos-x86_64 0.4.0 OK
r-oldrel-windows-ix86+x86_64 0.4.0 10.00 55.00 65.00 OK

Check Details

Version: 0.4.0
Check: LazyData
Result: NOTE
     'LazyData' is specified without a 'data' directory
Flavors: r-devel-linux-x86_64-debian-clang, r-devel-linux-x86_64-debian-gcc, r-devel-linux-x86_64-fedora-clang, r-devel-linux-x86_64-fedora-gcc, r-devel-windows-x86_64-new-UL, r-devel-windows-x86_64-new-TK, r-patched-linux-x86_64, r-release-linux-x86_64, r-release-macos-arm64, r-release-macos-x86_64, r-release-windows-ix86+x86_64