CRAN Package Check Results for Package addinsOutline

Last updated on 2022-01-23 02:56:04 CET.

Flavor Version Tinstall Tcheck Ttotal Status Flags
r-devel-linux-x86_64-debian-clang 0.1.6 6.75 72.13 78.88 NOTE
r-devel-linux-x86_64-debian-gcc 0.1.6 6.48 53.86 60.34 NOTE
r-devel-linux-x86_64-fedora-clang 0.1.6 96.78 NOTE
r-devel-linux-x86_64-fedora-gcc 0.1.6 83.17 NOTE
r-devel-windows-x86_64-new-UL 0.1.6 38.00 89.00 127.00 NOTE
r-devel-windows-x86_64-new-TK 0.1.6 NOTE
r-patched-linux-x86_64 0.1.6 6.46 67.00 73.46 NOTE
r-release-linux-x86_64 0.1.6 8.06 66.59 74.65 NOTE
r-release-macos-arm64 0.1.6 NOTE
r-release-macos-x86_64 0.1.6 NOTE
r-release-windows-ix86+x86_64 0.1.6 18.00 81.00 99.00 NOTE
r-oldrel-macos-x86_64 0.1.6 OK
r-oldrel-windows-ix86+x86_64 0.1.6 19.00 80.00 99.00 OK

Check Details

Version: 0.1.6
Check: LazyData
Result: NOTE
     'LazyData' is specified without a 'data' directory
Flavors: r-devel-linux-x86_64-debian-clang, r-devel-linux-x86_64-debian-gcc, r-devel-linux-x86_64-fedora-clang, r-devel-linux-x86_64-fedora-gcc, r-devel-windows-x86_64-new-UL, r-devel-windows-x86_64-new-TK, r-patched-linux-x86_64, r-release-linux-x86_64, r-release-macos-arm64, r-release-macos-x86_64, r-release-windows-ix86+x86_64