CRAN Package Check Results for Package adamethods

Last updated on 2022-01-22 03:56:37 CET.

Flavor Version Tinstall Tcheck Ttotal Status Flags
r-devel-linux-x86_64-debian-clang 1.2.1 17.41 151.82 169.23 NOTE
r-devel-linux-x86_64-debian-gcc 1.2.1 14.11 112.78 126.89 NOTE
r-devel-linux-x86_64-fedora-clang 1.2.1 199.71 NOTE
r-devel-linux-x86_64-fedora-gcc 1.2.1 187.02 NOTE
r-devel-windows-x86_64-new-UL 1.2.1 90.00 174.00 264.00 NOTE
r-devel-windows-x86_64-new-TK 1.2.1 NOTE
r-patched-linux-x86_64 1.2.1 19.28 144.78 164.06 NOTE
r-release-linux-x86_64 1.2.1 11.50 142.54 154.04 NOTE
r-release-macos-arm64 1.2.1 NOTE
r-release-macos-x86_64 1.2.1 NOTE
r-release-windows-ix86+x86_64 1.2.1 38.00 170.00 208.00 NOTE
r-oldrel-macos-x86_64 1.2.1 OK
r-oldrel-windows-ix86+x86_64 1.2.1 39.00 172.00 211.00 OK

Check Details

Version: 1.2.1
Check: LazyData
Result: NOTE
     'LazyData' is specified without a 'data' directory
Flavors: r-devel-linux-x86_64-debian-clang, r-devel-linux-x86_64-debian-gcc, r-devel-linux-x86_64-fedora-clang, r-devel-linux-x86_64-fedora-gcc, r-devel-windows-x86_64-new-UL, r-devel-windows-x86_64-new-TK, r-patched-linux-x86_64, r-release-linux-x86_64, r-release-macos-arm64, r-release-macos-x86_64, r-release-windows-ix86+x86_64