CRAN Package Check Results for Package actuaryr

Last updated on 2024-07-13 03:49:08 CEST.

Flavor Version Tinstall Tcheck Ttotal Status Flags
r-devel-linux-x86_64-debian-clang 1.1.1 3.24 35.97 39.21 NOTE
r-devel-linux-x86_64-debian-gcc 1.1.1 2.54 28.20 30.74 NOTE
r-devel-linux-x86_64-fedora-clang 1.1.1 51.13 NOTE
r-devel-linux-x86_64-fedora-gcc 1.1.1 60.90 NOTE
r-devel-windows-x86_64 1.1.1 4.00 53.00 57.00 NOTE
r-patched-linux-x86_64 1.1.1 2.95 35.48 38.43 NOTE
r-release-linux-x86_64 1.1.1 2.97 35.95 38.92 NOTE
r-release-macos-arm64 1.1.1 26.00 NOTE
r-release-macos-x86_64 1.1.1 44.00 NOTE
r-release-windows-x86_64 1.1.1 4.00 52.00 56.00 NOTE
r-oldrel-macos-arm64 1.1.1 26.00 NOTE
r-oldrel-macos-x86_64 1.1.1 36.00 NOTE
r-oldrel-windows-x86_64 1.1.1 6.00 59.00 65.00 NOTE

Check Details

Version: 1.1.1
Check: LazyData
Result: NOTE 'LazyData' is specified without a 'data' directory Flavors: r-devel-linux-x86_64-debian-clang, r-devel-linux-x86_64-debian-gcc, r-devel-linux-x86_64-fedora-clang, r-devel-linux-x86_64-fedora-gcc, r-devel-windows-x86_64, r-patched-linux-x86_64, r-release-linux-x86_64, r-release-macos-arm64, r-release-macos-x86_64, r-release-windows-x86_64, r-oldrel-macos-arm64, r-oldrel-macos-x86_64, r-oldrel-windows-x86_64