CRAN Package Check Results for Package actogrammr

Last updated on 2021-10-16 15:50:37 CEST.

Flavor Version Tinstall Tcheck Ttotal Status Flags
r-devel-linux-x86_64-debian-clang 0.2.3 4.53 123.68 128.21 NOTE
r-devel-linux-x86_64-debian-gcc 0.2.3 3.22 88.16 91.38 NOTE
r-devel-linux-x86_64-fedora-clang 0.2.3 157.85 NOTE
r-devel-linux-x86_64-fedora-gcc 0.2.3 153.73 NOTE
r-devel-windows-x86_64 0.2.3 8.00 110.00 118.00 NOTE
r-devel-windows-x86_64-gcc10-UCRT 0.2.3 NOTE
r-patched-linux-x86_64 0.2.3 3.96 116.92 120.88 NOTE
r-patched-solaris-x86 0.2.3 218.30 NOTE
r-release-linux-x86_64 0.2.3 4.19 115.97 120.16 NOTE
r-release-macos-arm64 0.2.3 NOTE
r-release-macos-x86_64 0.2.3 NOTE
r-release-windows-ix86+x86_64 0.2.3 12.00 157.00 169.00 NOTE
r-oldrel-macos-x86_64 0.2.3 OK
r-oldrel-windows-ix86+x86_64 0.2.3 12.00 161.00 173.00 OK

Check Details

Version: 0.2.3
Check: LazyData
Result: NOTE
     'LazyData' is specified without a 'data' directory
Flavors: r-devel-linux-x86_64-debian-clang, r-devel-linux-x86_64-debian-gcc, r-devel-linux-x86_64-fedora-clang, r-devel-linux-x86_64-fedora-gcc, r-devel-windows-x86_64, r-devel-windows-x86_64-gcc10-UCRT, r-patched-linux-x86_64, r-patched-solaris-x86, r-release-linux-x86_64, r-release-macos-arm64, r-release-macos-x86_64, r-release-windows-ix86+x86_64

Version: 0.2.3
Check: package dependencies
Result: NOTE
    Package suggested but not available for checking: ‘testthat’
Flavor: r-release-macos-x86_64