CRAN Package Check Results for Package activAnalyzer

Last updated on 2024-07-13 03:49:08 CEST.

Flavor Version Tinstall Tcheck Ttotal Status Flags
r-devel-linux-x86_64-debian-clang 2.1.1 27.47 430.07 457.54 OK
r-devel-linux-x86_64-debian-gcc 2.1.1 23.53 304.28 327.81 OK
r-devel-linux-x86_64-fedora-clang 2.1.1 582.65 NOTE
r-devel-linux-x86_64-fedora-gcc 2.1.1 552.86 OK
r-devel-windows-x86_64 2.1.1 25.00 307.00 332.00 OK
r-patched-linux-x86_64 2.1.1 18.41 419.80 438.21 OK
r-release-linux-x86_64 2.1.1 18.73 409.50 428.23 OK
r-release-macos-arm64 2.1.1 152.00 OK
r-release-macos-x86_64 2.1.1 218.00 OK
r-release-windows-x86_64 2.1.1 23.00 305.00 328.00 OK
r-oldrel-macos-arm64 2.1.1 165.00 OK
r-oldrel-macos-x86_64 2.1.1 364.00 OK
r-oldrel-windows-x86_64 2.1.1 32.00 398.00 430.00 OK

Check Details

Version: 2.1.1
Check: package dependencies
Result: NOTE Imports includes 26 non-default packages. Importing from so many packages makes the package vulnerable to any of them becoming unavailable. Move as many as possible to Suggests and use conditionally. Flavor: r-devel-linux-x86_64-fedora-clang