CRAN Package Check Results for Package act

Last updated on 2022-11-26 16:02:48 CET.

Flavor Version Tinstall Tcheck Ttotal Status Flags
r-devel-linux-x86_64-debian-clang 1.1.9 15.35 90.23 105.58 OK
r-devel-linux-x86_64-debian-gcc 1.1.9 10.96 67.13 78.09 OK
r-devel-linux-x86_64-fedora-clang 1.1.9 137.73 NOTE
r-devel-linux-x86_64-fedora-gcc 1.1.9 132.36 NOTE
r-devel-windows-x86_64 1.1.9 66.00 145.00 211.00 OK
r-patched-linux-x86_64 1.1.9 OK
r-release-linux-x86_64 1.1.9 11.88 81.57 93.45 OK
r-release-macos-arm64 1.1.9 38.00 NOTE
r-release-macos-x86_64 1.1.9 50.00 NOTE
r-release-windows-x86_64 1.1.9 95.00 130.00 225.00 OK
r-oldrel-macos-arm64 1.1.9 37.00 NOTE
r-oldrel-macos-x86_64 1.1.9 50.00 NOTE
r-oldrel-windows-ix86+x86_64 1.1.9 27.00 103.00 130.00 OK

Check Details

Version: 1.1.9
Check: data for non-ASCII characters
Result: NOTE
     Note: found 305 marked UTF-8 strings
Flavors: r-devel-linux-x86_64-fedora-clang, r-devel-linux-x86_64-fedora-gcc, r-release-macos-arm64, r-release-macos-x86_64, r-oldrel-macos-arm64, r-oldrel-macos-x86_64