CRAN Package Check Results for Package act

Last updated on 2023-11-30 15:48:08 CET.

Flavor Version Tinstall Tcheck Ttotal Status Flags
r-devel-linux-x86_64-debian-clang 1.3.1 13.10 91.67 104.77 OK
r-devel-linux-x86_64-debian-gcc 1.3.1 11.78 69.24 81.02 OK
r-devel-linux-x86_64-fedora-clang 1.3.1 133.68 NOTE
r-devel-linux-x86_64-fedora-gcc 1.3.1 150.75 NOTE
r-devel-windows-x86_64 1.3.1 14.00 100.00 114.00 OK
r-patched-linux-x86_64 1.3.1 14.57 87.80 102.37 OK
r-release-linux-x86_64 1.3.1 11.15 88.34 99.49 OK
r-release-macos-arm64 1.3.1 45.00 OK
r-release-macos-x86_64 1.3.1 82.00 OK
r-release-windows-x86_64 1.3.1 19.00 114.00 133.00 OK
r-oldrel-macos-arm64 1.3.1 43.00 OK
r-oldrel-macos-x86_64 1.3.1 52.00 OK
r-oldrel-windows-x86_64 1.3.1 20.00 105.00 125.00 OK

Check Details

Version: 1.3.1
Check: data for non-ASCII characters
Result: NOTE Note: found 305 marked UTF-8 strings Flavors: r-devel-linux-x86_64-fedora-clang, r-devel-linux-x86_64-fedora-gcc