CRAN Package Check Results for Package acs

Last updated on 2021-11-29 15:51:04 CET.

Flavor Version Tinstall Tcheck Ttotal Status Flags
r-devel-linux-x86_64-debian-clang 2.1.4 10.30 52.48 62.78 OK
r-devel-linux-x86_64-debian-gcc 2.1.4 7.79 41.00 48.79 OK
r-devel-linux-x86_64-fedora-clang 2.1.4 87.65 NOTE
r-devel-linux-x86_64-fedora-gcc 2.1.4 75.45 NOTE
r-devel-windows-x86_64-new-UL 2.1.4 26.00 93.00 119.00 OK
r-devel-windows-x86_64-new-TK 2.1.4 OK
r-devel-windows-x86_64-old 2.1.4 17.00 56.00 73.00 OK
r-patched-linux-x86_64 2.1.4 9.56 51.05 60.61 OK
r-patched-solaris-x86 2.1.4 109.40 OK
r-release-linux-x86_64 2.1.4 8.87 51.20 60.07 OK
r-release-macos-arm64 2.1.4 OK
r-release-macos-x86_64 2.1.4 OK
r-release-windows-ix86+x86_64 2.1.4 20.00 55.00 75.00 OK
r-oldrel-macos-x86_64 2.1.4 OK
r-oldrel-windows-ix86+x86_64 2.1.4 13.00 67.00 80.00 OK

Check Details

Version: 2.1.4
Check: top-level files
Result: NOTE
    ‘configure’: /bin/bash is not portable
Flavors: r-devel-linux-x86_64-fedora-clang, r-devel-linux-x86_64-fedora-gcc