CRAN Package Check Results for Package acc

Last updated on 2021-10-17 03:51:55 CEST.

Flavor Version Tinstall Tcheck Ttotal Status Flags
r-devel-linux-x86_64-debian-clang 1.3.3 61.19 77.31 138.50 OK
r-devel-linux-x86_64-debian-gcc 1.3.3 43.86 57.83 101.69 OK
r-devel-linux-x86_64-fedora-clang 1.3.3 209.02 NOTE
r-devel-linux-x86_64-fedora-gcc 1.3.3 190.77 NOTE
r-devel-windows-x86_64 1.3.3 91.00 109.00 200.00 OK
r-devel-windows-x86_64-gcc10-UCRT 1.3.3 OK
r-patched-linux-x86_64 1.3.3 62.70 73.46 136.16 OK
r-patched-solaris-x86 1.3.3 204.50 OK
r-release-linux-x86_64 1.3.3 58.33 73.05 131.38 OK
r-release-macos-arm64 1.3.3 OK
r-release-macos-x86_64 1.3.3 OK
r-release-windows-ix86+x86_64 1.3.3 156.00 142.00 298.00 OK
r-oldrel-macos-x86_64 1.3.3 OK
r-oldrel-windows-ix86+x86_64 1.3.3 173.00 152.00 325.00 OK

Check Details

Version: 1.3.3
Check: compiled code
Result: NOTE
    File ‘acc/libs/acc.so’:
     Found no calls to: ‘R_registerRoutines’, ‘R_useDynamicSymbols’
    
    It is good practice to register native routines and to disable symbol
    search.
    
    See ‘Writing portable packages’ in the ‘Writing R Extensions’ manual.
Flavors: r-devel-linux-x86_64-fedora-clang, r-devel-linux-x86_64-fedora-gcc