CRAN Package Check Results for Package academictwitteR

Last updated on 2024-07-25 03:52:58 CEST.

Flavor Version Tinstall Tcheck Ttotal Status Flags
r-devel-linux-x86_64-debian-clang 0.3.1 6.74 92.29 99.03 NOTE
r-devel-linux-x86_64-debian-gcc 0.3.1 4.98 67.55 72.53 NOTE
r-devel-linux-x86_64-fedora-clang 0.3.1 122.22 NOTE
r-devel-linux-x86_64-fedora-gcc 0.3.1 129.31 NOTE
r-devel-windows-x86_64 0.3.1 8.00 101.00 109.00 NOTE
r-patched-linux-x86_64 0.3.1 7.29 86.52 93.81 NOTE
r-release-linux-x86_64 0.3.1 3.80 86.77 90.57 NOTE
r-release-macos-arm64 0.3.1 49.00 NOTE
r-release-macos-x86_64 0.3.1 81.00 NOTE
r-release-windows-x86_64 0.3.1 7.00 100.00 107.00 NOTE
r-oldrel-macos-arm64 0.3.1 53.00 OK
r-oldrel-macos-x86_64 0.3.1 77.00 OK
r-oldrel-windows-x86_64 0.3.1 10.00 116.00 126.00 OK

Check Details

Version: 0.3.1
Check: Rd files
Result: NOTE checkRd: (-1) bind_tweets.Rd:21: Lost braces in \itemize; meant \describe ? checkRd: (-1) bind_tweets.Rd:22: Lost braces in \itemize; meant \describe ? Flavors: r-devel-linux-x86_64-debian-clang, r-devel-linux-x86_64-debian-gcc, r-devel-linux-x86_64-fedora-clang, r-devel-linux-x86_64-fedora-gcc, r-devel-windows-x86_64, r-patched-linux-x86_64, r-release-linux-x86_64, r-release-macos-arm64, r-release-macos-x86_64, r-release-windows-x86_64