Last updated on 2023-11-30 15:48:08 CET.
Flavor | Version | Tinstall | Tcheck | Ttotal | Status | Flags |
---|---|---|---|---|---|---|
r-devel-linux-x86_64-debian-clang | 1.0.10 | 39.78 | 400.88 | 440.66 | NOTE | |
r-devel-linux-x86_64-debian-gcc | 1.0.10 | 33.88 | 295.78 | 329.66 | NOTE | |
r-devel-linux-x86_64-fedora-clang | 1.0.10 | 536.66 | OK | |||
r-devel-linux-x86_64-fedora-gcc | 1.0.10 | 519.57 | OK | |||
r-devel-windows-x86_64 | 1.0.10 | 33.00 | 245.00 | 278.00 | OK | |
r-patched-linux-x86_64 | 1.0.10 | 37.61 | 378.78 | 416.39 | OK | |
r-release-linux-x86_64 | 1.0.10 | 32.80 | 378.38 | 411.18 | OK | |
r-release-macos-arm64 | 1.0.10 | 103.00 | OK | |||
r-release-macos-x86_64 | 1.0.10 | 207.00 | OK | |||
r-release-windows-x86_64 | 1.0.10 | 47.00 | 342.00 | 389.00 | OK | |
r-oldrel-macos-arm64 | 1.0.10 | 110.00 | OK | |||
r-oldrel-macos-x86_64 | 1.0.10 | 196.00 | OK | |||
r-oldrel-windows-x86_64 | 1.0.10 | 49.00 | 342.00 | 391.00 | OK |
Version: 1.0.10
Check: Rd files
Result: NOTE
checkRd: (-1) get_ex_data.Rd:31-32: Lost braces in \itemize; meant \describe ?
checkRd: (-1) get_ex_data.Rd:33: Lost braces in \itemize; meant \describe ?
checkRd: (-1) get_ex_data.Rd:34-35: Lost braces in \itemize; meant \describe ?
checkRd: (-1) get_ex_data.Rd:36: Lost braces in \itemize; meant \describe ?
checkRd: (-1) tidy_results.Rd:28-29: Lost braces in \itemize; meant \describe ?
checkRd: (-1) tidy_results.Rd:30: Lost braces in \itemize; meant \describe ?
Flavors: r-devel-linux-x86_64-debian-clang, r-devel-linux-x86_64-debian-gcc