CRAN Package Check Results for Package abess

Last updated on 2021-11-29 03:52:59 CET.

Flavor Version Tinstall Tcheck Ttotal Status Flags
r-devel-linux-x86_64-debian-clang 0.3.0 OK
r-devel-linux-x86_64-debian-gcc 0.3.0 177.11 67.82 244.93 OK
r-devel-linux-x86_64-fedora-clang 0.3.0 474.83 NOTE
r-devel-linux-x86_64-fedora-gcc 0.3.0 447.33 OK
r-devel-windows-x86_64-new-UL 0.3.0 214.00 190.00 404.00 OK
r-devel-windows-x86_64-new-TK 0.3.0 OK
r-devel-windows-x86_64-old 0.3.0 158.00 165.00 323.00 OK
r-patched-linux-x86_64 0.3.0 203.04 83.68 286.72 OK
r-patched-solaris-x86 0.3.0 383.00 OK
r-release-linux-x86_64 0.3.0 199.38 83.32 282.70 OK
r-release-macos-arm64 0.3.0 NOTE
r-release-macos-x86_64 0.3.0 NOTE
r-release-windows-ix86+x86_64 0.3.0 431.00 155.00 586.00 OK
r-oldrel-macos-x86_64 0.3.0 NOTE
r-oldrel-windows-ix86+x86_64 0.3.0 307.00 159.00 466.00 OK

Check Details

Version: 0.3.0
Check: installed package size
Result: NOTE
     installed size is 72.0Mb
     sub-directories of 1Mb or more:
     libs 71.1Mb
Flavors: r-devel-linux-x86_64-fedora-clang, r-release-macos-arm64, r-release-macos-x86_64, r-oldrel-macos-x86_64