CRAN Package Check Results for Package Zseq

Last updated on 2022-07-04 15:54:57 CEST.

Flavor Version Tinstall Tcheck Ttotal Status Flags
r-devel-linux-x86_64-debian-clang 0.2.0 3.42 31.56 34.98 NOTE
r-devel-linux-x86_64-debian-gcc 0.2.0 2.77 24.44 27.21 NOTE
r-devel-linux-x86_64-fedora-clang 0.2.0 53.37 NOTE
r-devel-linux-x86_64-fedora-gcc 0.2.0 52.37 NOTE
r-devel-windows-x86_64 0.2.0 27.00 58.00 85.00 NOTE
r-patched-linux-x86_64 0.2.0 3.39 31.05 34.44 NOTE
r-release-linux-x86_64 0.2.0 3.91 30.56 34.47 NOTE
r-release-macos-arm64 0.2.0 18.00 NOTE
r-release-macos-x86_64 0.2.0 25.00 NOTE
r-release-windows-x86_64 0.2.0 18.00 63.00 81.00 NOTE
r-oldrel-macos-arm64 0.2.0 22.00 NOTE
r-oldrel-macos-x86_64 0.2.0 32.00 NOTE
r-oldrel-windows-ix86+x86_64 0.2.0 9.00 57.00 66.00 NOTE

Check Details

Version: 0.2.0
Check: LazyData
Result: NOTE
     'LazyData' is specified without a 'data' directory
Flavors: r-devel-linux-x86_64-debian-clang, r-devel-linux-x86_64-debian-gcc, r-devel-linux-x86_64-fedora-clang, r-devel-linux-x86_64-fedora-gcc, r-devel-windows-x86_64, r-patched-linux-x86_64, r-release-linux-x86_64, r-release-macos-arm64, r-release-macos-x86_64, r-release-windows-x86_64, r-oldrel-macos-arm64, r-oldrel-macos-x86_64, r-oldrel-windows-ix86+x86_64