CRAN Package Check Results for Package XBRL

Last updated on 2022-01-28 15:53:30 CET.

Flavor Version Tinstall Tcheck Ttotal Status Flags
r-devel-linux-x86_64-debian-clang 0.99.19 104.31 39.54 143.85 OK
r-devel-linux-x86_64-debian-gcc 0.99.19 70.20 30.00 100.20 OK
r-devel-linux-x86_64-fedora-clang 0.99.19 219.43 OK
r-devel-linux-x86_64-fedora-gcc 0.99.19 186.83 OK
r-devel-windows-x86_64-new-UL 0.99.19 98.00 87.00 185.00 OK
r-devel-windows-x86_64-new-TK 0.99.19 OK
r-patched-linux-x86_64 0.99.19 83.93 36.52 120.45 OK
r-release-linux-x86_64 0.99.19 87.81 36.90 124.71 OK
r-release-macos-arm64 0.99.19 NOTE
r-release-macos-x86_64 0.99.19 NOTE
r-release-windows-ix86+x86_64 0.99.19 251.00 84.00 335.00 NOTE
r-oldrel-macos-x86_64 0.99.19 NOTE
r-oldrel-windows-ix86+x86_64 0.99.19 252.00 85.00 337.00 NOTE

Check Details

Version: 0.99.19
Check: installed package size
Result: NOTE
     installed size is 8.5Mb
     sub-directories of 1Mb or more:
     libs 8.4Mb
Flavors: r-release-macos-arm64, r-release-macos-x86_64, r-release-windows-ix86+x86_64, r-oldrel-macos-x86_64, r-oldrel-windows-ix86+x86_64