CRAN Package Check Results for Package WayFindR

Last updated on 2024-07-20 15:48:59 CEST.

Flavor Version Tinstall Tcheck Ttotal Status Flags
r-devel-linux-x86_64-debian-clang 0.1.2 4.89 68.75 73.64 OK
r-devel-linux-x86_64-debian-gcc 0.1.2 3.82 52.93 56.75 OK
r-devel-linux-x86_64-fedora-clang 0.1.2 99.24 OK
r-devel-linux-x86_64-fedora-gcc 0.1.2 103.96 OK
r-devel-windows-x86_64 0.1.2 6.00 70.00 76.00 NOTE
r-patched-linux-x86_64 0.1.2 8.20 67.03 75.23 OK
r-release-linux-x86_64 0.1.2 4.23 68.21 72.44 OK
r-release-macos-arm64 0.1.2 38.00 OK
r-release-macos-x86_64 0.1.2 58.00 OK
r-release-windows-x86_64 0.1.2 5.00 70.00 75.00 OK
r-oldrel-macos-arm64 0.1.2 40.00 OK
r-oldrel-macos-x86_64 0.1.2 77.00 OK
r-oldrel-windows-x86_64 0.1.2 6.00 76.00 82.00 OK

Check Details

Version: 0.1.2
Check: Rd cross-references
Result: NOTE Found the following Rd file(s) with Rd \link{} targets missing package anchors: 02-util.Rd: xmlParseDoc, igraph 03-main.Rd: igraph, plot.igraph Please provide package anchors for all Rd \link{} targets not in the package itself and the base packages. Flavor: r-devel-windows-x86_64