CRAN Package Check Results for Package WRS2

Last updated on 2022-01-28 15:53:30 CET.

Flavor Version Tinstall Tcheck Ttotal Status Flags
r-devel-linux-x86_64-debian-clang 1.1-3 13.03 301.99 315.02 OK
r-devel-linux-x86_64-debian-gcc 1.1-3 12.19 208.41 220.60 OK
r-devel-linux-x86_64-fedora-clang 1.1-3 363.24 OK
r-devel-linux-x86_64-fedora-gcc 1.1-3 374.01 OK
r-devel-windows-x86_64-new-UL 1.1-3 97.00 314.00 411.00 OK
r-devel-windows-x86_64-new-TK 1.1-3 WARN
r-patched-linux-x86_64 1.1-3 14.29 272.18 286.47 OK
r-release-linux-x86_64 1.1-3 13.53 265.19 278.72 OK
r-release-macos-arm64 1.1-3 OK
r-release-macos-x86_64 1.1-3 OK
r-release-windows-ix86+x86_64 1.1-3 24.00 300.00 324.00 OK
r-oldrel-macos-x86_64 1.1-3 OK
r-oldrel-windows-ix86+x86_64 1.1-3 24.00 304.00 328.00 OK

Check Details

Version: 1.1-3
Check: package dependencies
Result: NOTE
    Packages suggested but not available for checking: 'car', 'mediation'
Flavor: r-devel-windows-x86_64-new-TK

Version: 1.1-3
Check: re-building of vignette outputs
Result: WARN
    Error(s) in re-building vignettes:
    --- re-building 'WRS2.Rnw' using knitr
    Loading required package: ggplot2
    Quitting from lines 865-872 (WRS2.Rnw)
    Error: processing vignette 'WRS2.Rnw' failed with diagnostics:
    there is no package called 'mediation'
    --- failed re-building 'WRS2.Rnw'
    
    SUMMARY: processing the following file failed:
     'WRS2.Rnw'
    
    Error: Vignette re-building failed.
    Execution halted
Flavor: r-devel-windows-x86_64-new-TK