CRAN Package Check Results for Package WPKDE

Last updated on 2022-01-22 03:57:01 CET.

Flavor Version Tinstall Tcheck Ttotal Status Flags
r-devel-linux-x86_64-debian-clang 0.1 4.23 42.91 47.14 NOTE
r-devel-linux-x86_64-debian-gcc 0.1 3.28 33.61 36.89 NOTE
r-devel-linux-x86_64-fedora-clang 0.1 58.71 NOTE
r-devel-linux-x86_64-fedora-gcc 0.1 47.79 NOTE
r-devel-windows-x86_64-new-UL 0.1 17.00 61.00 78.00 NOTE
r-devel-windows-x86_64-new-TK 0.1 NOTE
r-patched-linux-x86_64 0.1 3.05 41.98 45.03 NOTE
r-release-linux-x86_64 0.1 3.89 41.22 45.11 NOTE
r-release-macos-arm64 0.1 NOTE
r-release-macos-x86_64 0.1 NOTE
r-release-windows-ix86+x86_64 0.1 9.00 79.00 88.00 NOTE
r-oldrel-macos-x86_64 0.1 OK
r-oldrel-windows-ix86+x86_64 0.1 8.00 81.00 89.00 OK

Check Details

Version: 0.1
Check: LazyData
Result: NOTE
     'LazyData' is specified without a 'data' directory
Flavors: r-devel-linux-x86_64-debian-clang, r-devel-linux-x86_64-debian-gcc, r-devel-linux-x86_64-fedora-clang, r-devel-linux-x86_64-fedora-gcc, r-devel-windows-x86_64-new-UL, r-devel-windows-x86_64-new-TK, r-patched-linux-x86_64, r-release-linux-x86_64, r-release-macos-arm64, r-release-macos-x86_64, r-release-windows-ix86+x86_64