CRAN Package Check Results for Package WMWssp

Last updated on 2021-12-07 03:53:59 CET.

Flavor Version Tinstall Tcheck Ttotal Status Flags
r-devel-linux-x86_64-debian-clang 0.4.0 2.50 31.20 33.70 NOTE
r-devel-linux-x86_64-debian-gcc 0.4.0 1.77 24.86 26.63 NOTE
r-devel-linux-x86_64-fedora-clang 0.4.0 42.75 NOTE
r-devel-linux-x86_64-fedora-gcc 0.4.0 32.31 NOTE
r-devel-windows-x86_64-new-UL 0.4.0 7.00 59.00 66.00 NOTE
r-devel-windows-x86_64-new-TK 0.4.0 NOTE
r-devel-windows-x86_64-old 0.4.0 5.00 39.00 44.00 NOTE
r-patched-linux-x86_64 0.4.0 2.26 22.10 24.36 NOTE
r-release-linux-x86_64 0.4.0 2.13 29.94 32.07 NOTE
r-release-macos-arm64 0.4.0 NOTE
r-release-macos-x86_64 0.4.0 NOTE
r-release-windows-ix86+x86_64 0.4.0 5.00 39.00 44.00 NOTE
r-oldrel-macos-x86_64 0.4.0 OK
r-oldrel-windows-ix86+x86_64 0.4.0 5.00 41.00 46.00 OK

Check Details

Version: 0.4.0
Check: LazyData
Result: NOTE
     'LazyData' is specified without a 'data' directory
Flavors: r-devel-linux-x86_64-debian-clang, r-devel-linux-x86_64-debian-gcc, r-devel-linux-x86_64-fedora-clang, r-devel-linux-x86_64-fedora-gcc, r-devel-windows-x86_64-new-UL, r-devel-windows-x86_64-new-TK, r-devel-windows-x86_64-old, r-patched-linux-x86_64, r-release-linux-x86_64, r-release-macos-arm64, r-release-macos-x86_64, r-release-windows-ix86+x86_64