Last updated on 2022-07-03 03:50:11 CEST.
Flavor | Version | Tinstall | Tcheck | Ttotal | Status | Flags |
---|---|---|---|---|---|---|
r-devel-linux-x86_64-debian-clang | 1.1 | 4.60 | 246.35 | 250.95 | OK | |
r-devel-linux-x86_64-debian-gcc | 1.1 | 4.54 | 179.14 | 183.68 | OK | |
r-devel-linux-x86_64-fedora-clang | 1.1 | 300.62 | OK | |||
r-devel-linux-x86_64-fedora-gcc | 1.1 | 300.86 | OK | |||
r-devel-windows-x86_64 | 1.1 | 14.00 | 271.00 | 285.00 | OK | |
r-patched-linux-x86_64 | 1.1 | 5.08 | 233.23 | 238.31 | OK | |
r-release-linux-x86_64 | 1.1 | 5.77 | 232.45 | 238.22 | OK | |
r-release-macos-arm64 | 1.1 | 78.00 | OK | |||
r-release-macos-x86_64 | 1.1 | 142.00 | OK | |||
r-release-windows-x86_64 | 1.1 | 10.00 | 277.00 | 287.00 | OK | |
r-oldrel-macos-arm64 | 1.1 | 54.00 | OK | |||
r-oldrel-macos-x86_64 | 1.1 | 104.00 | OK | |||
r-oldrel-windows-ix86+x86_64 | 1.1 | 12.00 | 300.00 | 312.00 | ERROR |
Version: 1.1
Check: re-building of vignette outputs
Result: WARN
Error(s) in re-building vignettes:
--- re-building 'vignette.Rmd' using rmarkdown
! Package inputenc Error: Unicode char â<c2><80><c2><90> (U+2010)
(inputenc) not set up for use with LaTeX.
Error: processing vignette 'vignette.Rmd' failed with diagnostics:
LaTeX failed to compile d:/RCompile/CRANpkg/local/4.1/WINS.Rcheck/vign_test/WINS/vignettes/vignette.tex. See https://yihui.org/tinytex/r/#debugging for debugging tips. See vignette.log for more info.
--- failed re-building 'vignette.Rmd'
SUMMARY: processing the following file failed:
'vignette.Rmd'
Error: Vignette re-building failed.
Execution halted
Flavor: r-oldrel-windows-ix86+x86_64
Version: 1.1
Check: PDF version of manual
Result: WARN
LaTeX errors when creating PDF version.
This typically indicates Rd problems.
LaTeX errors found:
! Package inputenc Error: Unicode char â<c2><80><c2><90> (U+2010)
(inputenc) not set up for use with LaTeX.
See the inputenc package documentation for explanation.
Type H <return> for immediate help.
! Package inputenc Error: Unicode char â<c2><80><c2><90> (U+2010)
(inputenc) not set up for use with LaTeX.
See the inputenc package documentation for explanation.
Type H <return> for immediate help.
Flavor: r-oldrel-windows-ix86+x86_64
Version: 1.1
Check: PDF version of manual without hyperrefs or index
Result: ERROR
Flavor: r-oldrel-windows-ix86+x86_64