CRAN Package Check Results for Package WGCNA

Last updated on 2021-11-30 15:52:38 CET.

Flavor Version Tinstall Tcheck Ttotal Status Flags
r-devel-linux-x86_64-debian-clang 1.70-3 73.93 394.54 468.47 OK
r-devel-linux-x86_64-debian-gcc 1.70-3 61.08 295.41 356.49 OK
r-devel-linux-x86_64-fedora-clang 1.70-3 582.85 OK
r-devel-linux-x86_64-fedora-gcc 1.70-3 564.65 OK
r-devel-windows-x86_64-new-UL 1.70-3 155.00 573.00 728.00 OK
r-devel-windows-x86_64-new-TK 1.70-3 OK
r-devel-windows-x86_64-old 1.70-3 106.00 339.00 445.00 OK
r-patched-linux-x86_64 1.70-3 81.27 377.13 458.40 OK
r-patched-solaris-x86 1.70-3 709.80 OK
r-release-linux-x86_64 1.70-3 62.51 378.03 440.54 OK
r-release-macos-arm64 1.70-3 NOTE
r-release-macos-x86_64 1.70-3 OK
r-release-windows-ix86+x86_64 1.70-3 145.00 457.00 602.00 NOTE
r-oldrel-macos-x86_64 1.70-3 OK
r-oldrel-windows-ix86+x86_64 1.70-3 99.00 392.00 491.00 NOTE

Check Details

Version: 1.70-3
Check: installed package size
Result: NOTE
     installed size is 5.6Mb
     sub-directories of 1Mb or more:
     R 2.0Mb
     libs 1.8Mb
Flavors: r-release-macos-arm64, r-release-windows-ix86+x86_64, r-oldrel-windows-ix86+x86_64