CRAN Package Check Results for Package WGCNA

Last updated on 2022-09-30 04:59:25 CEST.

Flavor Version Tinstall Tcheck Ttotal Status Flags
r-devel-linux-x86_64-debian-clang 1.71 79.42 457.10 536.52 NOTE
r-devel-linux-x86_64-debian-gcc 1.71 65.48 333.37 398.85 NOTE
r-devel-linux-x86_64-fedora-clang 1.71 681.80 NOTE
r-devel-linux-x86_64-fedora-gcc 1.71 663.64 NOTE
r-devel-windows-x86_64 1.71 185.00 568.00 753.00 NOTE
r-patched-linux-x86_64 1.71 66.05 419.79 485.84 OK
r-release-linux-x86_64 1.71 50.31 427.40 477.71 OK
r-release-macos-arm64 1.71 165.00 NOTE
r-release-macos-x86_64 1.71 205.00 OK
r-release-windows-x86_64 1.71 150.00 359.00 509.00 OK
r-oldrel-macos-arm64 1.71 159.00 NOTE
r-oldrel-macos-x86_64 1.71 205.00 OK
r-oldrel-windows-ix86+x86_64 1.71 152.00 602.00 754.00 NOTE

Check Details

Version: 1.71
Check: Rd files
Result: NOTE
    checkRd: (-1) rgcolors.func.Rd:27: Escaped LaTeX specials: \#
Flavors: r-devel-linux-x86_64-debian-clang, r-devel-linux-x86_64-debian-gcc, r-devel-linux-x86_64-fedora-clang, r-devel-linux-x86_64-fedora-gcc, r-devel-windows-x86_64

Version: 1.71
Check: installed package size
Result: NOTE
     installed size is 5.2Mb
     sub-directories of 1Mb or more:
     R 2.1Mb
     libs 1.5Mb
Flavors: r-release-macos-arm64, r-oldrel-macos-arm64, r-oldrel-windows-ix86+x86_64