CRAN Package Check Results for Package WDI

Last updated on 2021-12-06 15:52:25 CET.

Flavor Version Tinstall Tcheck Ttotal Status Flags
r-devel-linux-x86_64-debian-clang 2.7.4 2.77 33.89 36.66 OK
r-devel-linux-x86_64-debian-gcc 2.7.4 2.22 27.49 29.71 OK
r-devel-linux-x86_64-fedora-clang 2.7.4 47.46 NOTE
r-devel-linux-x86_64-fedora-gcc 2.7.4 36.14 NOTE
r-devel-windows-x86_64-new-UL 2.7.4 8.00 64.00 72.00 OK
r-devel-windows-x86_64-new-TK 2.7.4 NOTE
r-devel-windows-x86_64-old 2.7.4 5.00 35.00 40.00 OK
r-patched-linux-x86_64 2.7.4 3.00 25.06 28.06 OK
r-release-linux-x86_64 2.7.4 2.68 32.89 35.57 OK
r-release-macos-arm64 2.7.4 NOTE
r-release-macos-x86_64 2.7.4 NOTE
r-release-windows-ix86+x86_64 2.7.4 7.00 42.00 49.00 OK
r-oldrel-macos-x86_64 2.7.4 NOTE
r-oldrel-windows-ix86+x86_64 2.7.4 9.00 43.00 52.00 OK

Check Details

Version: 2.7.4
Check: data for non-ASCII characters
Result: NOTE
     Note: found 1537 marked UTF-8 strings
Flavors: r-devel-linux-x86_64-fedora-clang, r-devel-linux-x86_64-fedora-gcc, r-devel-windows-x86_64-new-TK, r-release-macos-arm64, r-release-macos-x86_64, r-oldrel-macos-x86_64