CRAN Package Check Results for Package W3CMarkupValidator

Last updated on 2022-01-27 15:53:52 CET.

Flavor Version Tinstall Tcheck Ttotal Status Flags
r-devel-linux-x86_64-debian-clang 0.1-6 1.96 32.36 34.32 OK
r-devel-linux-x86_64-debian-gcc 0.1-6 1.89 25.25 27.14 OK
r-devel-linux-x86_64-fedora-clang 0.1-6 42.95 NOTE
r-devel-linux-x86_64-fedora-gcc 0.1-6 32.69 OK
r-devel-windows-x86_64-new-UL 0.1-6 87.00 51.00 138.00 OK
r-devel-windows-x86_64-new-TK 0.1-6 OK
r-patched-linux-x86_64 0.1-6 2.34 30.84 33.18 OK
r-release-linux-x86_64 0.1-6 1.80 30.73 32.53 OK
r-release-macos-arm64 0.1-6 OK
r-release-macos-x86_64 0.1-6 OK
r-release-windows-ix86+x86_64 0.1-6 5.00 38.00 43.00 OK
r-oldrel-macos-x86_64 0.1-6 OK
r-oldrel-windows-ix86+x86_64 0.1-6 5.00 39.00 44.00 OK

Check Details

Version: 0.1-6
Check: Rd cross-references
Result: NOTE
    Undeclared package ‘RCurl’ in Rd xrefs
Flavor: r-devel-linux-x86_64-fedora-clang