CRAN Package Check Results for Package VineCopula

Last updated on 2021-12-01 03:55:45 CET.

Flavor Version Tinstall Tcheck Ttotal Status Flags
r-devel-linux-x86_64-debian-clang 2.4.3 32.72 141.70 174.42 OK
r-devel-linux-x86_64-debian-gcc 2.4.3 24.87 111.35 136.22 OK
r-devel-linux-x86_64-fedora-clang 2.4.3 224.34 NOTE
r-devel-linux-x86_64-fedora-gcc 2.4.3 210.64 OK
r-devel-windows-x86_64-new-UL 2.4.3 71.00 204.00 275.00 OK
r-devel-windows-x86_64-new-TK 2.4.3 OK
r-devel-windows-x86_64-old 2.4.3 51.00 139.00 190.00 OK
r-patched-linux-x86_64 2.4.3 30.83 136.97 167.80 OK
r-patched-solaris-x86 2.4.3 274.50 OK
r-release-linux-x86_64 2.4.3 28.35 137.05 165.40 OK
r-release-macos-arm64 2.4.3 OK
r-release-macos-x86_64 2.4.3 OK
r-release-windows-ix86+x86_64 2.4.3 73.00 202.00 275.00 OK
r-oldrel-macos-x86_64 2.4.3 OK
r-oldrel-windows-ix86+x86_64 2.4.3 62.00 227.00 289.00 OK

Check Details

Version: 2.4.3
Check: Rd cross-references
Result: NOTE
    Undeclared packages ‘foreach’, ‘copula’ in Rd xrefs
Flavor: r-devel-linux-x86_64-fedora-clang