CRAN Package Check Results for Package VetResearchLMM

Last updated on 2021-10-16 15:51:04 CEST.

Flavor Version Tinstall Tcheck Ttotal Status Flags
r-devel-linux-x86_64-debian-clang 1.0.0 11.57 98.21 109.78 OK
r-devel-linux-x86_64-debian-gcc 1.0.0 8.34 74.55 82.89 OK
r-devel-linux-x86_64-fedora-clang 1.0.0 140.92 NOTE
r-devel-linux-x86_64-fedora-gcc 1.0.0 126.79 NOTE
r-devel-windows-x86_64 1.0.0 17.00 96.00 113.00 OK
r-devel-windows-x86_64-gcc10-UCRT 1.0.0 NOTE
r-patched-linux-x86_64 1.0.0 9.14 92.69 101.83 OK
r-patched-solaris-x86 1.0.0 184.90 NOTE
r-release-linux-x86_64 1.0.0 9.29 93.39 102.68 OK
r-release-macos-arm64 1.0.0 NOTE
r-release-macos-x86_64 1.0.0 NOTE
r-release-windows-ix86+x86_64 1.0.0 27.00 122.00 149.00 OK
r-oldrel-macos-x86_64 1.0.0 NOTE
r-oldrel-windows-ix86+x86_64 1.0.0 27.00 123.00 150.00 OK

Check Details

Version: 1.0.0
Check: dependencies in R code
Result: NOTE
    Namespace in Imports field not imported from: ‘nlme’
     All declared Imports should be used.
Flavors: r-devel-linux-x86_64-fedora-clang, r-devel-linux-x86_64-fedora-gcc, r-devel-windows-x86_64-gcc10-UCRT, r-patched-solaris-x86, r-release-macos-arm64, r-release-macos-x86_64, r-oldrel-macos-x86_64