CRAN Package Check Results for Package VarSelLCM

Last updated on 2021-10-26 02:56:48 CEST.

Flavor Version Tinstall Tcheck Ttotal Status Flags
r-devel-linux-x86_64-debian-clang 2.1.3.1 295.37 158.34 453.71 OK
r-devel-linux-x86_64-debian-gcc 2.1.3.1 224.17 104.85 329.02 OK
r-devel-linux-x86_64-fedora-clang 2.1.3.1 708.92 NOTE
r-devel-linux-x86_64-fedora-gcc 2.1.3.1 604.38 OK
r-devel-windows-x86_64 2.1.3.1 401.00 209.00 610.00 OK
r-devel-windows-x86_64-gcc10-UCRT 2.1.3.1 OK
r-patched-linux-x86_64 2.1.3.1 264.32 132.93 397.25 OK
r-patched-solaris-x86 2.1.3.1 603.20 OK
r-release-linux-x86_64 2.1.3.1 267.20 131.51 398.71 OK
r-release-macos-arm64 2.1.3.1 NOTE
r-release-macos-x86_64 2.1.3.1 NOTE
r-release-windows-ix86+x86_64 2.1.3.1 613.00 271.00 884.00 OK
r-oldrel-macos-x86_64 2.1.3.1 NOTE
r-oldrel-windows-ix86+x86_64 2.1.3.1 781.00 282.00 1063.00 OK

Check Details

Version: 2.1.3.1
Check: installed package size
Result: NOTE
     installed size is 9.4Mb
     sub-directories of 1Mb or more:
     libs 8.6Mb
Flavors: r-devel-linux-x86_64-fedora-clang, r-release-macos-arm64, r-release-macos-x86_64, r-oldrel-macos-x86_64