CRAN Package Check Results for Package VIM

Last updated on 2021-12-07 03:53:59 CET.

Flavor Version Tinstall Tcheck Ttotal Status Flags
r-devel-linux-x86_64-debian-clang 6.1.1 38.35 190.16 228.51 OK
r-devel-linux-x86_64-debian-gcc 6.1.1 28.37 142.92 171.29 OK
r-devel-linux-x86_64-fedora-clang 6.1.1 283.90 NOTE
r-devel-linux-x86_64-fedora-gcc 6.1.1 263.20 NOTE
r-devel-windows-x86_64-new-UL 6.1.1 64.00 289.00 353.00 NOTE
r-devel-windows-x86_64-new-TK 6.1.1 NOTE
r-devel-windows-x86_64-old 6.1.1 52.00 238.00 290.00 NOTE
r-patched-linux-x86_64 6.1.1 41.72 184.47 226.19 OK
r-release-linux-x86_64 6.1.1 35.61 191.69 227.30 OK
r-release-macos-arm64 6.1.1 NOTE
r-release-macos-x86_64 6.1.1 NOTE
r-release-windows-ix86+x86_64 6.1.1 58.00 328.00 386.00 NOTE
r-oldrel-macos-x86_64 6.1.1 NOTE
r-oldrel-windows-ix86+x86_64 6.1.1 82.00 340.00 422.00 NOTE

Check Details

Version: 6.1.1
Check: installed package size
Result: NOTE
     installed size is 5.3Mb
     sub-directories of 1Mb or more:
     doc 3.1Mb
Flavors: r-devel-linux-x86_64-fedora-clang, r-devel-windows-x86_64-new-UL, r-devel-windows-x86_64-old, r-release-macos-arm64, r-release-macos-x86_64, r-release-windows-ix86+x86_64, r-oldrel-macos-x86_64, r-oldrel-windows-ix86+x86_64

Version: 6.1.1
Check: dependencies in R code
Result: NOTE
    Namespace in Imports field not imported from: ‘magrittr’
     All declared Imports should be used.
Flavors: r-devel-linux-x86_64-fedora-clang, r-devel-linux-x86_64-fedora-gcc, r-devel-windows-x86_64-new-TK, r-release-macos-arm64, r-release-macos-x86_64, r-oldrel-macos-x86_64

Version: 6.1.1
Check: Rd cross-references
Result: NOTE
    Undeclared package ‘mi’ in Rd xrefs
Flavor: r-devel-linux-x86_64-fedora-clang

Version: 6.1.1
Check: data for non-ASCII characters
Result: NOTE
     Note: found 2754 marked UTF-8 strings
Flavors: r-devel-linux-x86_64-fedora-clang, r-devel-linux-x86_64-fedora-gcc, r-devel-windows-x86_64-new-TK, r-release-macos-arm64, r-release-macos-x86_64, r-oldrel-macos-x86_64