CRAN Package Check Results for Package VGAM

Last updated on 2021-12-03 15:52:38 CET.

Flavor Version Tinstall Tcheck Ttotal Status Flags
r-devel-linux-x86_64-debian-clang 1.1-5 101.44 591.38 692.82 OK
r-devel-linux-x86_64-debian-gcc 1.1-5 86.41 423.95 510.36 OK
r-devel-linux-x86_64-fedora-clang 1.1-5 846.12 NOTE
r-devel-linux-x86_64-fedora-gcc 1.1-5 827.32 OK
r-devel-windows-x86_64-new-UL 1.1-5 236.00 708.00 944.00 NOTE
r-devel-windows-x86_64-new-TK 1.1-5 OK
r-devel-windows-x86_64-old 1.1-5 164.00 523.00 687.00 NOTE
r-patched-linux-x86_64 1.1-5 111.47 567.27 678.74 OK
r-release-linux-x86_64 1.1-5 91.71 568.88 660.59 OK
r-release-macos-arm64 1.1-5 NOTE
r-release-macos-x86_64 1.1-5 NOTE
r-release-windows-ix86+x86_64 1.1-5 197.00 911.00 1108.00 NOTE
r-oldrel-macos-x86_64 1.1-5 NOTE
r-oldrel-windows-ix86+x86_64 1.1-5 168.00 891.00 1059.00 NOTE

Check Details

Version: 1.1-5
Check: installed package size
Result: NOTE
     installed size is 8.1Mb
     sub-directories of 1Mb or more:
     R 3.9Mb
     help 2.8Mb
Flavors: r-devel-linux-x86_64-fedora-clang, r-devel-windows-x86_64-new-UL, r-devel-windows-x86_64-old, r-release-macos-arm64, r-release-macos-x86_64, r-release-windows-ix86+x86_64, r-oldrel-macos-x86_64, r-oldrel-windows-ix86+x86_64

Version: 1.1-5
Check: Rd cross-references
Result: NOTE
    Undeclared package ‘car’ in Rd xrefs
Flavor: r-devel-linux-x86_64-fedora-clang