CRAN Package Check Results for Package V8

Last updated on 2021-11-30 15:52:37 CET.

Flavor Version Tinstall Tcheck Ttotal Status Flags
r-devel-linux-x86_64-debian-clang 3.6.0 22.85 37.04 59.89 OK
r-devel-linux-x86_64-debian-gcc 3.6.0 16.06 29.29 45.35 OK
r-devel-linux-x86_64-fedora-gcc 3.6.0 80.46 OK
r-devel-windows-x86_64-new-UL 3.6.0 84.00 225.00 309.00 NOTE
r-devel-windows-x86_64-new-TK 3.6.0 OK
r-devel-windows-x86_64-old 3.6.0 67.00 107.00 174.00 NOTE
r-patched-linux-x86_64 3.6.0 25.49 36.88 62.37 OK
r-patched-solaris-x86 3.6.0 144.70 NOTE
r-release-linux-x86_64 3.6.0 20.24 36.83 57.07 OK
r-release-macos-arm64 3.6.0 NOTE
r-release-macos-x86_64 3.6.0 NOTE
r-release-windows-ix86+x86_64 3.6.0 111.00 201.00 312.00 NOTE
r-oldrel-macos-x86_64 3.6.0 NOTE
r-oldrel-windows-ix86+x86_64 3.6.0 88.00 163.00 251.00 NOTE

Check Details

Version: 3.6.0
Check: installed package size
Result: NOTE
     installed size is 17.4Mb
     sub-directories of 1Mb or more:
     doc 2.1Mb
     libs 15.1Mb
Flavors: r-devel-windows-x86_64-new-UL, r-devel-windows-x86_64-old, r-patched-solaris-x86, r-release-macos-arm64, r-release-macos-x86_64, r-release-windows-ix86+x86_64, r-oldrel-macos-x86_64, r-oldrel-windows-ix86+x86_64