CRAN Package Check Results for Package UpSetR

Last updated on 2021-12-08 03:58:37 CET.

Flavor Version Tinstall Tcheck Ttotal Status Flags
r-devel-linux-x86_64-debian-clang 1.4.0 8.36 135.36 143.72 NOTE
r-devel-linux-x86_64-debian-gcc 1.4.0 5.69 97.79 103.48 NOTE
r-devel-linux-x86_64-fedora-clang 1.4.0 168.68 NOTE
r-devel-linux-x86_64-fedora-gcc 1.4.0 154.80 NOTE
r-devel-windows-x86_64-new-UL 1.4.0 19.00 182.00 201.00 NOTE
r-devel-windows-x86_64-new-TK 1.4.0 NOTE
r-devel-windows-x86_64-old 1.4.0 14.00 155.00 169.00 NOTE
r-patched-linux-x86_64 1.4.0 6.57 70.30 76.87 NOTE
r-release-linux-x86_64 1.4.0 8.23 69.50 77.73 NOTE
r-release-macos-arm64 1.4.0 NOTE
r-release-macos-x86_64 1.4.0 NOTE
r-release-windows-ix86+x86_64 1.4.0 13.00 85.00 98.00 NOTE
r-oldrel-macos-x86_64 1.4.0 NOTE
r-oldrel-windows-ix86+x86_64 1.4.0 18.00 91.00 109.00 NOTE

Check Details

Version: 1.4.0
Check: LazyData
Result: NOTE
     'LazyData' is specified without a 'data' directory
Flavors: r-devel-linux-x86_64-debian-clang, r-devel-linux-x86_64-debian-gcc, r-devel-linux-x86_64-fedora-clang, r-devel-linux-x86_64-fedora-gcc, r-devel-windows-x86_64-new-UL, r-devel-windows-x86_64-new-TK, r-devel-windows-x86_64-old, r-patched-linux-x86_64, r-release-linux-x86_64, r-release-macos-arm64, r-release-macos-x86_64, r-release-windows-ix86+x86_64

Version: 1.4.0
Check: installed package size
Result: NOTE
     installed size is 8.1Mb
     sub-directories of 1Mb or more:
     doc 7.6Mb
Flavors: r-devel-linux-x86_64-fedora-clang, r-devel-windows-x86_64-new-UL, r-devel-windows-x86_64-old, r-release-macos-arm64, r-release-macos-x86_64, r-release-windows-ix86+x86_64, r-oldrel-macos-x86_64, r-oldrel-windows-ix86+x86_64