CRAN Package Check Results for Package USgrid

Last updated on 2022-01-27 15:53:51 CET.

Flavor Version Tinstall Tcheck Ttotal Status Flags
r-devel-linux-x86_64-debian-clang 0.1.2 4.07 41.04 45.11 OK
r-devel-linux-x86_64-debian-gcc 0.1.2 3.67 31.12 34.79 OK
r-devel-linux-x86_64-fedora-clang 0.1.2 55.30 NOTE
r-devel-linux-x86_64-fedora-gcc 0.1.2 44.99 NOTE
r-devel-windows-x86_64-new-UL 0.1.2 16.00 67.00 83.00 OK
r-devel-windows-x86_64-new-TK 0.1.2 NOTE
r-patched-linux-x86_64 0.1.2 3.33 38.50 41.83 OK
r-release-linux-x86_64 0.1.2 3.72 38.28 42.00 OK
r-release-macos-arm64 0.1.2 NOTE
r-release-macos-x86_64 0.1.2 NOTE
r-release-windows-ix86+x86_64 0.1.2 9.00 54.00 63.00 OK
r-oldrel-macos-x86_64 0.1.2 NOTE
r-oldrel-windows-ix86+x86_64 0.1.2 9.00 54.00 63.00 OK

Check Details

Version: 0.1.2
Check: dependencies in R code
Result: NOTE
    Namespace in Imports field not imported from: ‘tsibble’
     All declared Imports should be used.
Flavors: r-devel-linux-x86_64-fedora-clang, r-devel-linux-x86_64-fedora-gcc, r-devel-windows-x86_64-new-TK, r-release-macos-arm64, r-release-macos-x86_64, r-oldrel-macos-x86_64