CRAN Package Check Results for Package USA.state.boundaries

Last updated on 2022-10-07 15:53:14 CEST.

Flavor Version Tinstall Tcheck Ttotal Status Flags
r-devel-linux-x86_64-debian-clang 1.0.0 2.61 20.87 23.48 NOTE
r-devel-linux-x86_64-debian-gcc 1.0.0 1.97 16.75 18.72 NOTE
r-devel-linux-x86_64-fedora-clang 1.0.0 42.31 NOTE
r-devel-linux-x86_64-fedora-gcc 1.0.0 39.24 NOTE
r-devel-windows-x86_64 1.0.0 10.00 134.00 144.00 NOTE
r-patched-linux-x86_64 1.0.0 2.03 20.90 22.93 NOTE
r-release-linux-x86_64 1.0.0 2.52 20.48 23.00 NOTE
r-release-macos-arm64 1.0.0 15.00 NOTE
r-release-macos-x86_64 1.0.0 23.00 NOTE
r-release-windows-x86_64 1.0.0 20.00 159.00 179.00 NOTE
r-oldrel-macos-arm64 1.0.0 16.00 NOTE
r-oldrel-macos-x86_64 1.0.0 20.00 NOTE
r-oldrel-windows-ix86+x86_64 1.0.0 5.00 47.00 52.00 NOTE

Check Details

Version: 1.0.0
Check: package dependencies
Result: NOTE
    Package suggested but not available for checking: 'USA.state.boundaries.data'
Flavors: r-devel-linux-x86_64-debian-clang, r-devel-linux-x86_64-debian-gcc, r-devel-linux-x86_64-fedora-clang, r-devel-linux-x86_64-fedora-gcc, r-devel-windows-x86_64, r-patched-linux-x86_64, r-release-linux-x86_64, r-release-macos-arm64, r-release-macos-x86_64, r-release-windows-x86_64, r-oldrel-macos-arm64, r-oldrel-macos-x86_64, r-oldrel-windows-ix86+x86_64

Version: 1.0.0
Check: dependencies in R code
Result: NOTE
    Namespace in Imports field not imported from: ‘sp’
     All declared Imports should be used.
Flavors: r-devel-linux-x86_64-fedora-clang, r-devel-linux-x86_64-fedora-gcc, r-release-macos-arm64, r-release-macos-x86_64, r-oldrel-macos-arm64, r-oldrel-macos-x86_64