CRAN Package Check Results for Package UCSCXenaShiny

Last updated on 2021-12-07 03:53:59 CET.

Flavor Version Tinstall Tcheck Ttotal Status Flags
r-devel-linux-x86_64-debian-clang 1.1.3 12.06 109.93 121.99 OK
r-devel-linux-x86_64-debian-gcc 1.1.3 10.84 83.37 94.21 OK
r-devel-linux-x86_64-fedora-clang 1.1.3 151.56 NOTE
r-devel-linux-x86_64-fedora-gcc 1.1.3 138.51 OK
r-devel-windows-x86_64-new-UL 1.1.3 35.00 177.00 212.00 NOTE
r-devel-windows-x86_64-new-TK 1.1.3 OK
r-devel-windows-x86_64-old 1.1.3 23.00 139.00 162.00 NOTE
r-patched-linux-x86_64 1.1.3 12.06 95.46 107.52 OK
r-release-linux-x86_64 1.1.3 10.60 102.91 113.51 OK
r-release-macos-arm64 1.1.3 NOTE
r-release-macos-x86_64 1.1.3 NOTE
r-release-windows-ix86+x86_64 1.1.3 24.00 134.00 158.00 NOTE
r-oldrel-macos-x86_64 1.1.3 NOTE
r-oldrel-windows-ix86+x86_64 1.1.3 31.00 124.00 155.00 NOTE

Check Details

Version: 1.1.3
Check: installed package size
Result: NOTE
     installed size is 6.6Mb
     sub-directories of 1Mb or more:
     doc 1.5Mb
     shinyapp 3.4Mb
Flavors: r-devel-linux-x86_64-fedora-clang, r-devel-windows-x86_64-new-UL, r-devel-windows-x86_64-old, r-release-macos-arm64, r-release-macos-x86_64, r-release-windows-ix86+x86_64, r-oldrel-macos-x86_64, r-oldrel-windows-ix86+x86_64