CRAN Package Check Results for Package TriadSim

Last updated on 2024-07-22 15:57:36 CEST.

Flavor Version Tinstall Tcheck Ttotal Status Flags
r-devel-linux-x86_64-debian-clang 0.3.0 2.17 58.31 60.48 NOTE
r-devel-linux-x86_64-debian-gcc 0.3.0 2.72 43.86 46.58 NOTE
r-devel-linux-x86_64-fedora-clang 0.3.0 75.64 NOTE
r-devel-linux-x86_64-fedora-gcc 0.3.0 84.62 NOTE
r-devel-windows-x86_64 0.3.0 5.00 118.00 123.00 NOTE
r-patched-linux-x86_64 0.3.0 2.96 55.24 58.20 NOTE
r-release-linux-x86_64 0.3.0 3.41 55.47 58.88 NOTE
r-release-macos-arm64 0.3.0 63.00 NOTE
r-release-macos-x86_64 0.3.0 87.00 NOTE
r-release-windows-x86_64 0.3.0 4.00 123.00 127.00 NOTE
r-oldrel-macos-arm64 0.3.0 6.00 ERROR
r-oldrel-macos-x86_64 0.3.0 125.00 NOTE
r-oldrel-windows-x86_64 0.3.0 5.00 156.00 161.00 NOTE

Check Details

Version: 0.3.0
Check: package subdirectories
Result: NOTE Problems with news in ‘NEWS.md’: No news entries found. Flavors: r-devel-linux-x86_64-debian-clang, r-devel-linux-x86_64-debian-gcc, r-devel-linux-x86_64-fedora-clang, r-devel-linux-x86_64-fedora-gcc, r-devel-windows-x86_64, r-patched-linux-x86_64, r-release-linux-x86_64, r-release-macos-arm64, r-release-macos-x86_64, r-release-windows-x86_64, r-oldrel-macos-x86_64, r-oldrel-windows-x86_64

Version: 0.3.0
Check: package dependencies
Result: ERROR Package required but not available: ‘snpStats’ See section ‘The DESCRIPTION file’ in the ‘Writing R Extensions’ manual. Flavor: r-oldrel-macos-arm64