CRAN Package Check Results for Package TriDimRegression

Last updated on 2024-07-20 15:48:58 CEST.

Flavor Version Tinstall Tcheck Ttotal Status Flags
r-devel-linux-x86_64-debian-clang 1.0.2 188.92 231.02 419.94 NOTE
r-devel-linux-x86_64-debian-gcc 1.0.2 167.63 181.97 349.60 NOTE
r-devel-linux-x86_64-fedora-clang 1.0.2 545.67 NOTE
r-devel-linux-x86_64-fedora-gcc 1.0.2 666.36 NOTE
r-devel-windows-x86_64 1.0.2 166.00 206.00 372.00 NOTE
r-patched-linux-x86_64 1.0.2 159.56 231.56 391.12 NOTE
r-release-linux-x86_64 1.0.2 165.54 235.97 401.51 NOTE
r-release-macos-arm64 1.0.2 145.00 NOTE
r-release-macos-x86_64 1.0.2 219.00 NOTE
r-release-windows-x86_64 1.0.2 160.00 200.00 360.00 NOTE
r-oldrel-macos-arm64 1.0.2 249.00 NOTE
r-oldrel-macos-x86_64 1.0.2 451.00 NOTE
r-oldrel-windows-x86_64 1.0.2 214.00 253.00 467.00 NOTE

Check Details

Version: 1.0.2
Check: Rd files
Result: NOTE checkRd: (-1) coef.tridim_transformation.Rd:31: Lost braces 31 | If summary=TRUE, a data.frame with columns "dv{index}" with mean for each dependent | ^ checkRd: (-1) coef.tridim_transformation.Rd:32: Lost braces 32 | variable plus optional quantiles columns with names "dv{index}_{quantile}". | ^ checkRd: (-1) coef.tridim_transformation.Rd:32: Lost braces; missing escapes or markup? 32 | variable plus optional quantiles columns with names "dv{index}_{quantile}". | ^ checkRd: (-1) predict.tridim_transformation.Rd:24: Lost braces 24 | If summary=TRUE, a data.frame with columns "dv{index}" with mean for each dependent | ^ checkRd: (-1) predict.tridim_transformation.Rd:25: Lost braces 25 | variable plus optional quantiles columns with names "dv{index}_{quantile}". | ^ checkRd: (-1) predict.tridim_transformation.Rd:25: Lost braces; missing escapes or markup? 25 | variable plus optional quantiles columns with names "dv{index}_{quantile}". | ^ checkRd: (-1) variable_summary.Rd:18: Lost braces; missing escapes or markup? 18 | data.frame with "{var_name}" column for the mean and | ^ checkRd: (-1) variable_summary.Rd:19: Lost braces; missing escapes or markup? 19 | "{var_name}_{prob}" columns for each probability. | ^ checkRd: (-1) variable_summary.Rd:19: Lost braces; missing escapes or markup? 19 | "{var_name}_{prob}" columns for each probability. | ^ Flavors: r-devel-linux-x86_64-debian-clang, r-devel-linux-x86_64-debian-gcc, r-devel-linux-x86_64-fedora-clang, r-devel-linux-x86_64-fedora-gcc, r-devel-windows-x86_64, r-patched-linux-x86_64, r-release-linux-x86_64, r-release-macos-arm64, r-release-macos-x86_64, r-release-windows-x86_64

Version: 1.0.2
Check: for GNU extensions in Makefiles
Result: NOTE GNU make is a SystemRequirements. Flavors: r-devel-linux-x86_64-debian-clang, r-devel-linux-x86_64-debian-gcc, r-devel-linux-x86_64-fedora-clang, r-devel-linux-x86_64-fedora-gcc, r-devel-windows-x86_64, r-patched-linux-x86_64, r-release-linux-x86_64, r-release-macos-arm64, r-release-macos-x86_64, r-release-windows-x86_64, r-oldrel-macos-arm64, r-oldrel-macos-x86_64, r-oldrel-windows-x86_64

Version: 1.0.2
Check: Rd cross-references
Result: NOTE Found the following Rd file(s) with Rd \link{} targets missing package anchors: TriDimRegression-package.Rd: loo, waic waic.tridim_transformation.Rd: loo-package Please provide package anchors for all Rd \link{} targets not in the package itself and the base packages. Flavor: r-devel-windows-x86_64

Version: 1.0.2
Check: installed package size
Result: NOTE installed size is 52.8Mb sub-directories of 1Mb or more: libs 52.3Mb Flavors: r-release-macos-arm64, r-release-macos-x86_64, r-oldrel-macos-arm64, r-oldrel-macos-x86_64