CRAN Package Check Results for Package TransPhylo

Last updated on 2024-07-22 03:49:32 CEST.

Flavor Version Tinstall Tcheck Ttotal Status Flags
r-devel-linux-x86_64-debian-clang 1.4.5 24.74 145.15 169.89 NOTE
r-devel-linux-x86_64-debian-gcc 1.4.5 19.24 107.71 126.95 NOTE
r-devel-linux-x86_64-fedora-clang 1.4.5 225.41 NOTE
r-devel-linux-x86_64-fedora-gcc 1.4.5 227.57 NOTE
r-devel-windows-x86_64 1.4.5 25.00 142.00 167.00 NOTE
r-patched-linux-x86_64 1.4.5 32.26 132.01 164.27 NOTE
r-release-linux-x86_64 1.4.5 24.04 140.77 164.81 NOTE
r-release-macos-arm64 1.4.5 70.00 NOTE
r-release-macos-x86_64 1.4.5 104.00 NOTE
r-release-windows-x86_64 1.4.5 29.00 145.00 174.00 NOTE
r-oldrel-macos-arm64 1.4.5 90.00 NOTE
r-oldrel-macos-x86_64 1.4.5 149.00 NOTE
r-oldrel-windows-x86_64 1.4.5 38.00 173.00 211.00 NOTE

Check Details

Version: 1.4.5
Check: C++ specification
Result: NOTE Specified C++11: please drop specification unless essential Flavors: r-devel-linux-x86_64-debian-clang, r-devel-linux-x86_64-debian-gcc, r-devel-linux-x86_64-fedora-clang, r-devel-linux-x86_64-fedora-gcc, r-devel-windows-x86_64, r-patched-linux-x86_64, r-release-linux-x86_64, r-release-macos-arm64, r-release-macos-x86_64, r-release-windows-x86_64, r-oldrel-macos-arm64, r-oldrel-macos-x86_64, r-oldrel-windows-x86_64